Last updated on 2025-05-03 22:50:13 CEST.
Flavor | Version | Tinstall | Tcheck | Ttotal | Status | Flags |
---|---|---|---|---|---|---|
r-devel-linux-x86_64-debian-clang | 0.7-8 | 2.59 | 35.51 | 38.10 | NOTE | |
r-devel-linux-x86_64-debian-gcc | 0.7-8 | 1.90 | 30.16 | 32.06 | NOTE | |
r-devel-linux-x86_64-fedora-clang | 0.7-8 | 56.90 | NOTE | |||
r-devel-linux-x86_64-fedora-gcc | 0.7-8 | 55.09 | NOTE | |||
r-devel-windows-x86_64 | 0.7-8 | 4.00 | 62.00 | 66.00 | NOTE | |
r-patched-linux-x86_64 | 0.7-8 | 3.22 | 36.40 | 39.62 | NOTE | |
r-release-linux-x86_64 | NOTE | |||||
r-release-macos-arm64 | 0.7-8 | 24.00 | NOTE | |||
r-release-macos-x86_64 | 0.7-8 | 40.00 | NOTE | |||
r-release-windows-x86_64 | 0.7-8 | 3.00 | 57.00 | 60.00 | NOTE | |
r-oldrel-macos-arm64 | 0.7-8 | 25.00 | NOTE | |||
r-oldrel-macos-x86_64 | 0.7-8 | 38.00 | NOTE | |||
r-oldrel-windows-x86_64 | 0.7-8 | 4.00 | 61.00 | 65.00 | NOTE |
Version: 0.7-8
Check: CRAN incoming feasibility
Result: NOTE
Maintainer: ‘Ramon Diaz-Uriarte <rdiaz02@gmail.com>’
No Authors@R field in DESCRIPTION.
Please add one, modifying
Authors@R: person(given = "Ramon",
family = "Diaz-Uriarte",
role = c("aut", "cre"),
email = "rdiaz02@gmail.com")
as necessary.
Package CITATION file contains call(s) to old-style citEntry(). Please
use bibentry() instead.
Flavors: r-devel-linux-x86_64-debian-clang, r-devel-linux-x86_64-debian-gcc
Version: 0.7-8
Check: Rd files
Result: NOTE
checkRd: (-1) randomVarImpsRFplot.Rd:97: Escaped LaTeX specials: \&
checkRd: (-1) varSelImpSpecRF.Rd:83: Escaped LaTeX specials: \&
Flavors: r-devel-linux-x86_64-debian-clang, r-devel-linux-x86_64-debian-gcc, r-devel-linux-x86_64-fedora-clang, r-devel-linux-x86_64-fedora-gcc, r-devel-windows-x86_64, r-patched-linux-x86_64, r-release-linux-x86_64, r-release-macos-arm64, r-release-macos-x86_64, r-release-windows-x86_64, r-oldrel-macos-arm64, r-oldrel-macos-x86_64, r-oldrel-windows-x86_64
These binaries (installable software) and packages are in development.
They may not be fully stable and should be used with caution. We make no claims about them.
Health stats visible at Monitor.