Last updated on 2025-02-08 19:49:34 CET.
Flavor | Version | Tinstall | Tcheck | Ttotal | Status | Flags |
---|---|---|---|---|---|---|
r-devel-linux-x86_64-debian-clang | 0.5.2 | 4.13 | 47.99 | 52.12 | NOTE | |
r-devel-linux-x86_64-debian-gcc | 0.5.2 | 3.00 | 34.30 | 37.30 | NOTE | |
r-devel-linux-x86_64-fedora-clang | 0.5.2 | 84.96 | OK | |||
r-devel-linux-x86_64-fedora-gcc | 0.5.2 | 85.07 | OK | |||
r-devel-windows-x86_64 | 0.5.2 | 5.00 | 67.00 | 72.00 | NOTE | |
r-patched-linux-x86_64 | 0.5.2 | 5.92 | 44.51 | 50.43 | OK | |
r-release-linux-x86_64 | 0.5.2 | 4.40 | 44.99 | 49.39 | OK | |
r-release-macos-arm64 | 0.5.2 | 24.00 | OK | |||
r-release-macos-x86_64 | 0.5.2 | 37.00 | OK | |||
r-release-windows-x86_64 | 0.5.2 | 5.00 | 66.00 | 71.00 | OK | |
r-oldrel-macos-arm64 | 0.5.2 | 117.00 | OK | |||
r-oldrel-macos-x86_64 | 0.5.2 | 71.00 | OK | |||
r-oldrel-windows-x86_64 | 0.5.2 | 7.00 | 79.00 | 86.00 | OK |
Version: 0.5.2
Check: Rd cross-references
Result: NOTE
Found the following Rd file(s) with Rd \link{} targets missing package
anchors:
detect_boundary_cat.Rd: validator
detect_boundary_num.Rd: validator
detect_fixed_variables.Rd: validator
detect_infeasible_rules.Rd: validator
detect_redundancy.Rd: validator
is_contradicted_by.Rd: validator
is_implied_by.Rd: validator
is_linear.Rd: validator
make_feasible.Rd: validator
remove_redundancy.Rd: validator
simplify_conditional.Rd: validator
simplify_fixed_variables.Rd: validator
simplify_rules.Rd: validator
validatetools.Rd: validate
Please provide package anchors for all Rd \link{} targets not in the
package itself and the base packages.
Flavors: r-devel-linux-x86_64-debian-clang, r-devel-linux-x86_64-debian-gcc, r-devel-windows-x86_64
These binaries (installable software) and packages are in development.
They may not be fully stable and should be used with caution. We make no claims about them.
Health stats visible at Monitor.