Last updated on 2025-05-17 15:50:59 CEST.
Flavor | Version | Tinstall | Tcheck | Ttotal | Status | Flags |
---|---|---|---|---|---|---|
r-devel-linux-x86_64-debian-clang | 1.0.5 | 1.71 | 18.65 | 20.36 | NOTE | |
r-devel-linux-x86_64-debian-gcc | 1.0.5 | 1.38 | 15.51 | 16.89 | NOTE | |
r-devel-linux-x86_64-fedora-clang | 1.0.5 | 32.67 | OK | |||
r-devel-linux-x86_64-fedora-gcc | 1.0.5 | 30.85 | OK | |||
r-devel-windows-x86_64 | 1.0.5 | 3.00 | 45.00 | 48.00 | OK | |
r-patched-linux-x86_64 | 1.0.5 | 1.59 | 17.39 | 18.98 | OK | |
r-release-linux-x86_64 | 1.0.5 | 1.55 | 17.16 | 18.71 | OK | |
r-release-macos-arm64 | 1.0.5 | 15.00 | OK | |||
r-release-macos-x86_64 | 1.0.5 | 24.00 | OK | |||
r-release-windows-x86_64 | 1.0.5 | 3.00 | 45.00 | 48.00 | OK | |
r-oldrel-macos-arm64 | 1.0.5 | 15.00 | NOTE | |||
r-oldrel-macos-x86_64 | 1.0.5 | 21.00 | NOTE | |||
r-oldrel-windows-x86_64 | 1.0.5 | 3.00 | 48.00 | 51.00 | NOTE |
Version: 1.0.5
Check: CRAN incoming feasibility
Result: NOTE
Maintainer: ‘Irucka Embry <iembry@ecoccs.com>’
No Authors@R field in DESCRIPTION.
Please add one, modifying
Authors@R: person(given = "Irucka",
family = "Embry",
role = c("aut", "cre"),
email = "iembry@ecoccs.com")
as necessary.
Found the following (possibly) invalid file URI:
URI: info@vaers.org
From: README.md
Flavors: r-devel-linux-x86_64-debian-clang, r-devel-linux-x86_64-debian-gcc
Version: 1.0.5
Check: package dependencies
Result: NOTE
Packages suggested but not available for checking: 'vaers', 'vaersND'
Flavors: r-oldrel-macos-arm64, r-oldrel-macos-x86_64, r-oldrel-windows-x86_64
These binaries (installable software) and packages are in development.
They may not be fully stable and should be used with caution. We make no claims about them.
Health stats visible at Monitor.