Last updated on 2025-10-31 05:48:59 CET.
| Flavor | Version | Tinstall | Tcheck | Ttotal | Status | Flags | 
|---|---|---|---|---|---|---|
| r-devel-linux-x86_64-debian-clang | 1.0.4 | 2.08 | 21.60 | 23.68 | NOTE | |
| r-devel-linux-x86_64-debian-gcc | 1.0.4 | 1.79 | 17.82 | 19.61 | NOTE | |
| r-devel-linux-x86_64-fedora-clang | 1.0.4 | 35.31 | OK | |||
| r-devel-linux-x86_64-fedora-gcc | 1.0.4 | 33.67 | OK | |||
| r-devel-windows-x86_64 | 1.0.4 | 3.00 | 44.00 | 47.00 | OK | |
| r-patched-linux-x86_64 | 1.0.4 | 2.39 | 19.41 | 21.80 | OK | |
| r-release-linux-x86_64 | 1.0.4 | 2.20 | 19.80 | 22.00 | OK | |
| r-release-macos-arm64 | 1.0.4 | 1.00 | 15.00 | 16.00 | OK | |
| r-release-macos-x86_64 | 1.0.4 | 2.00 | 23.00 | 25.00 | OK | |
| r-release-windows-x86_64 | 1.0.4 | 4.00 | 47.00 | 51.00 | OK | |
| r-oldrel-macos-arm64 | 1.0.4 | 1.00 | 14.00 | 15.00 | NOTE | |
| r-oldrel-macos-x86_64 | 1.0.4 | 2.00 | 19.00 | 21.00 | NOTE | |
| r-oldrel-windows-x86_64 | 1.0.4 | 4.00 | 47.00 | 51.00 | NOTE | 
Version: 1.0.4
Check: CRAN incoming feasibility
Result: NOTE
  Maintainer: ‘Irucka Embry <iembry@ecoccs.com>’
  
  No Authors@R field in DESCRIPTION.
  Please add one, modifying
    Authors@R: person(given = "Irucka",
                      family = "Embry",
                      role = c("aut", "cre"),
                      email = "iembry@ecoccs.com")
  as necessary.
  
  Found the following (possibly) invalid file URI:
    URI: info@vaers.org
      From: README.md
Flavors: r-devel-linux-x86_64-debian-clang, r-devel-linux-x86_64-debian-gcc
Version: 1.0.4
Check: package dependencies
Result: NOTE
  Packages suggested but not available for checking: 'vaers', 'vaersND'
Flavors: r-oldrel-macos-arm64, r-oldrel-macos-x86_64, r-oldrel-windows-x86_64
These binaries (installable software) and packages are in development.
They may not be fully stable and should be used with caution. We make no claims about them.
Health stats visible at Monitor.