CRAN Package Check Results for Package vaersNDvax

Last updated on 2025-05-17 15:50:59 CEST.

Flavor Version Tinstall Tcheck Ttotal Status Flags
r-devel-linux-x86_64-debian-clang 1.0.4 2.21 19.42 21.63 NOTE
r-devel-linux-x86_64-debian-gcc 1.0.4 1.71 16.27 17.98 NOTE
r-devel-linux-x86_64-fedora-clang 1.0.4 34.89 OK
r-devel-linux-x86_64-fedora-gcc 1.0.4 33.15 OK
r-devel-windows-x86_64 1.0.4 4.00 45.00 49.00 OK
r-patched-linux-x86_64 1.0.4 2.10 17.95 20.05 OK
r-release-linux-x86_64 1.0.4 2.22 18.01 20.23 OK
r-release-macos-arm64 1.0.4 16.00 OK
r-release-macos-x86_64 1.0.4 25.00 OK
r-release-windows-x86_64 1.0.4 4.00 49.00 53.00 OK
r-oldrel-macos-arm64 1.0.4 15.00 NOTE
r-oldrel-macos-x86_64 1.0.4 21.00 NOTE
r-oldrel-windows-x86_64 1.0.4 3.00 47.00 50.00 NOTE

Check Details

Version: 1.0.4
Check: CRAN incoming feasibility
Result: NOTE Maintainer: ‘Irucka Embry <iembry@ecoccs.com>’ No Authors@R field in DESCRIPTION. Please add one, modifying Authors@R: person(given = "Irucka", family = "Embry", role = c("aut", "cre"), email = "iembry@ecoccs.com") as necessary. Found the following (possibly) invalid file URI: URI: info@vaers.org From: README.md Flavors: r-devel-linux-x86_64-debian-clang, r-devel-linux-x86_64-debian-gcc

Version: 1.0.4
Check: package dependencies
Result: NOTE Packages suggested but not available for checking: 'vaers', 'vaersND' Flavors: r-oldrel-macos-arm64, r-oldrel-macos-x86_64, r-oldrel-windows-x86_64

These binaries (installable software) and packages are in development.
They may not be fully stable and should be used with caution. We make no claims about them.
Health stats visible at Monitor.