Last updated on 2025-02-02 07:50:29 CET.
Flavor | Version | Tinstall | Tcheck | Ttotal | Status | Flags |
---|---|---|---|---|---|---|
r-devel-linux-x86_64-debian-clang | 0.1.7 | 10.02 | 112.41 | 122.43 | NOTE | |
r-devel-linux-x86_64-debian-gcc | 0.1.7 | 7.51 | 80.02 | 87.53 | NOTE | |
r-devel-linux-x86_64-fedora-clang | 0.1.7 | 198.85 | NOTE | |||
r-devel-linux-x86_64-fedora-gcc | 0.1.7 | 201.32 | NOTE | |||
r-devel-windows-x86_64 | 0.1.7 | 14.00 | 146.00 | 160.00 | NOTE | |
r-patched-linux-x86_64 | 0.1.7 | 15.13 | 106.04 | 121.17 | NOTE | |
r-release-linux-x86_64 | 0.1.7 | 9.57 | 106.15 | 115.72 | NOTE | |
r-release-macos-arm64 | 0.1.7 | 65.00 | NOTE | |||
r-release-macos-x86_64 | 0.1.7 | 92.00 | NOTE | |||
r-release-windows-x86_64 | 0.1.7 | 14.00 | 142.00 | 156.00 | NOTE | |
r-oldrel-macos-arm64 | 0.1.7 | 58.00 | OK | |||
r-oldrel-macos-x86_64 | 0.1.7 | 103.00 | OK | |||
r-oldrel-windows-x86_64 | 0.1.7 | 14.00 | 176.00 | 190.00 | OK |
Version: 0.1.7
Check: Rd files
Result: NOTE
checkRd: (-1) partition_fold.Rd:21-22: Lost braces
21 | \code{train}{The mldr dataset with train examples, that includes all
| ^
checkRd: (-1) partition_fold.Rd:23-24: Lost braces
23 | \code{test}{The mldr dataset with test examples, defined by the
| ^
checkRd: (-1) partition_fold.Rd:25-26: Lost braces
25 | \code{validation}{Optionally, only if \code{has.validation = TRUE}.
| ^
Flavors: r-devel-linux-x86_64-debian-clang, r-devel-linux-x86_64-debian-gcc, r-devel-linux-x86_64-fedora-clang, r-devel-linux-x86_64-fedora-gcc, r-devel-windows-x86_64, r-patched-linux-x86_64, r-release-linux-x86_64, r-release-macos-arm64, r-release-macos-x86_64, r-release-windows-x86_64
Version: 0.1.7
Check: Rd cross-references
Result: NOTE
Found the following Rd file(s) with Rd \link{} targets missing package
anchors:
utiml.Rd: mldr
Please provide package anchors for all Rd \link{} targets not in the
package itself and the base packages.
Flavors: r-devel-linux-x86_64-debian-clang, r-devel-linux-x86_64-debian-gcc, r-devel-windows-x86_64
These binaries (installable software) and packages are in development.
They may not be fully stable and should be used with caution. We make no claims about them.
Health stats visible at Monitor.