Last updated on 2025-05-15 11:50:19 CEST.
Flavor | Version | Tinstall | Tcheck | Ttotal | Status | Flags |
---|---|---|---|---|---|---|
r-devel-linux-x86_64-debian-clang | 1.4.6 | 6.49 | 67.01 | 73.50 | NOTE | |
r-devel-linux-x86_64-debian-gcc | 1.4.6 | 5.18 | 46.94 | 52.12 | NOTE | |
r-devel-linux-x86_64-fedora-clang | 1.4.6 | 117.71 | OK | |||
r-devel-linux-x86_64-fedora-gcc | 1.4.6 | 112.02 | OK | |||
r-devel-windows-x86_64 | 1.4.6 | 8.00 | 104.00 | 112.00 | OK | |
r-patched-linux-x86_64 | 1.4.6 | 10.65 | 63.76 | 74.41 | OK | |
r-release-linux-x86_64 | 1.4.6 | 6.29 | 63.05 | 69.34 | OK | |
r-release-macos-arm64 | 1.4.6 | 31.00 | OK | |||
r-release-macos-x86_64 | 1.4.6 | 62.00 | OK | |||
r-release-windows-x86_64 | 1.4.6 | 9.00 | 107.00 | 116.00 | OK | |
r-oldrel-macos-arm64 | 1.4.6 | 29.00 | OK | |||
r-oldrel-macos-x86_64 | 1.4.6 | 46.00 | OK | |||
r-oldrel-windows-x86_64 | 1.4.6 | 9.00 | 99.00 | 108.00 | OK |
Version: 1.4.6
Check: CRAN incoming feasibility
Result: NOTE
Maintainer: ‘Peter Reichert <peter.reichert@emeriti.eawag.ch>’
No Authors@R field in DESCRIPTION.
Please add one, modifying
Authors@R: c(person(given = c("Peter", "Reichert", "with", "contributions", "by", "Nele", "Schuwirth"),
family = "<nele.schuwirth@eawag.ch>",
role = "aut",
email = "nele.schuwirth@eawag.ch"),
person(given = "Peter",
family = "Reichert",
role = "cre",
email = "peter.reichert@emeriti.eawag.ch"))
as necessary.
Found the following \keyword or \concept entries
which likely give several index terms:
File ‘utility-package.Rd’:
\keyword{decision analysis; objectives hierarchy; [TRUNCATED]
Flavors: r-devel-linux-x86_64-debian-clang, r-devel-linux-x86_64-debian-gcc
These binaries (installable software) and packages are in development.
They may not be fully stable and should be used with caution. We make no claims about them.
Health stats visible at Monitor.