Last updated on 2024-05-02 09:52:14 CEST.
Flavor | Version | Tinstall | Tcheck | Ttotal | Status | Flags |
---|---|---|---|---|---|---|
r-devel-linux-x86_64-debian-clang | 1.2.4 | 6.79 | 36.47 | 43.26 | OK | |
r-devel-linux-x86_64-debian-gcc | 1.2.4 | 5.77 | 27.52 | 33.29 | OK | |
r-devel-linux-x86_64-fedora-clang | 1.2.4 | 57.22 | OK | |||
r-devel-linux-x86_64-fedora-gcc | 1.2.4 | 68.82 | OK | |||
r-devel-windows-x86_64 | 1.2.4 | 18.00 | 54.00 | 72.00 | OK | |
r-patched-linux-x86_64 | 1.2.4 | 7.37 | 35.11 | 42.48 | OK | |
r-release-linux-x86_64 | 1.2.4 | 7.43 | 34.40 | 41.83 | OK | |
r-release-macos-arm64 | 1.2.4 | 28.00 | OK | |||
r-release-macos-x86_64 | 1.2.4 | 19.00 | WARN | |||
r-release-windows-x86_64 | 1.2.4 | 19.00 | 54.00 | 73.00 | OK | |
r-oldrel-macos-arm64 | 1.2.4 | 51.00 | OK | |||
r-oldrel-macos-x86_64 | 1.2.4 | 104.00 | OK | |||
r-oldrel-windows-x86_64 | 1.2.4 | 20.00 | 55.00 | 75.00 | OK |
Version: 1.2.4
Check: package dependencies
Result: WARN
Skipping vignette re-building
Packages suggested but not available for checking:
'cli', 'covr', 'knitr', 'rlang', 'rmarkdown', 'testthat', 'withr'
VignetteBuilder packages required for checking but not installed:
'knitr', 'rmarkdown'
Flavor: r-release-macos-x86_64
These binaries (installable software) and packages are in development.
They may not be fully stable and should be used with caution. We make no claims about them.
Health stats visible at Monitor.