Last updated on 2025-10-26 09:50:13 CET.
| Flavor | Version | Tinstall | Tcheck | Ttotal | Status | Flags |
|---|---|---|---|---|---|---|
| r-devel-linux-x86_64-debian-clang | 4.59.0 | 40.41 | 335.47 | 375.88 | NOTE | |
| r-devel-linux-x86_64-debian-gcc | 4.59.0 | 26.02 | 220.46 | 246.48 | NOTE | |
| r-devel-linux-x86_64-fedora-clang | 4.59.0 | 183.00 | 377.45 | 560.45 | NOTE | |
| r-devel-linux-x86_64-fedora-gcc | 4.59.0 | 189.00 | 357.31 | 546.31 | NOTE | |
| r-devel-windows-x86_64 | 4.59.0 | 38.00 | 473.00 | 511.00 | NOTE | |
| r-patched-linux-x86_64 | 4.59.0 | 51.91 | 311.51 | 363.42 | OK | |
| r-release-linux-x86_64 | 4.59.0 | 35.20 | 308.19 | 343.39 | OK | |
| r-release-macos-arm64 | 4.59.0 | 16.00 | 106.00 | 122.00 | OK | |
| r-release-macos-x86_64 | 4.59.0 | 42.00 | 276.00 | 318.00 | OK | |
| r-release-windows-x86_64 | 4.59.0 | 44.00 | 517.00 | 561.00 | OK | |
| r-oldrel-macos-arm64 | 4.59.0 | 17.00 | 111.00 | 128.00 | NOTE | |
| r-oldrel-macos-x86_64 | 4.59.0 | 44.00 | 244.00 | 288.00 | NOTE | |
| r-oldrel-windows-x86_64 | 4.59.0 | 60.00 | 521.00 | 581.00 | NOTE |
Version: 4.59.0
Check: Rd files
Result: NOTE
checkRd: (-1) power.ACE.test.Rd:84: height/width attributes should be in pixels
checkRd: (-1) umxACE.Rd:105: height/width attributes should be in pixels
checkRd: (-1) umxACE.Rd:114: height/width attributes should be in pixels
checkRd: (-1) umxACEcov.Rd:82: height/width attributes should be in pixels
checkRd: (-1) umxACEv.Rd:104: height/width attributes should be in pixels
checkRd: (-1) umxCP.Rd:117: height/width attributes should be in pixels
checkRd: (-1) umxDiffMZ.Rd:48: height/width attributes should be in pixels
checkRd: (-1) umxDiffMZ.Rd:54: height/width attributes should be in pixels
checkRd: (-1) umxDiscTwin.Rd:54: height/width attributes should be in pixels
checkRd: (-1) umxDiscTwin.Rd:64: height/width attributes should be in pixels
checkRd: (-1) umxDoC.Rd:69: height/width attributes should be in pixels
checkRd: (-1) umxEFA.Rd:74: height/width attributes should be in pixels
checkRd: (-1) umxGxE.Rd:76: height/width attributes should be in pixels
checkRd: (-1) umxIP.Rd:101: height/width attributes should be in pixels
checkRd: (-1) umxLav2RAM.Rd:104-111: Only 4 columns allowed in this table (row 1 has 3)
checkRd: (-1) umxLav2RAM.Rd:104-111: Only 4 columns allowed in this table (row 2 has 3)
checkRd: (-1) umxLav2RAM.Rd:104-111: Only 4 columns allowed in this table (row 3 has 3)
checkRd: (-1) umxLav2RAM.Rd:104-111: Only 4 columns allowed in this table (row 4 has 3)
checkRd: (-1) umxLav2RAM.Rd:104-111: Only 4 columns allowed in this table (row 5 has 3)
checkRd: (-1) umxLav2RAM.Rd:104-111: Only 4 columns allowed in this table (row 6 has 3)
checkRd: (-1) umxPower.Rd:60: height/width attributes should be in pixels
checkRd: (-1) umxSimplex.Rd:78: height/width attributes should be in pixels
checkRd: (-1) umxTwoStage.Rd:54: height/width attributes should be in pixels
Flavors: r-devel-linux-x86_64-debian-clang, r-devel-linux-x86_64-debian-gcc, r-devel-linux-x86_64-fedora-clang, r-devel-linux-x86_64-fedora-gcc, r-devel-windows-x86_64
Version: 4.59.0
Check: dependencies in R code
Result: NOTE
Namespace in Imports field not imported from: ‘psychTools’
All declared Imports should be used.
Flavors: r-devel-linux-x86_64-fedora-clang, r-devel-linux-x86_64-fedora-gcc
Version: 4.59.0
Check: installed package size
Result: NOTE
installed size is 7.0Mb
sub-directories of 1Mb or more:
R 2.1Mb
help 4.4Mb
Flavors: r-oldrel-macos-arm64, r-oldrel-macos-x86_64, r-oldrel-windows-x86_64
These binaries (installable software) and packages are in development.
They may not be fully stable and should be used with caution. We make no claims about them.
Health stats visible at Monitor.