Last updated on 2025-02-02 05:48:39 CET.
Flavor | Version | Tinstall | Tcheck | Ttotal | Status | Flags |
---|---|---|---|---|---|---|
r-devel-linux-x86_64-debian-clang | 0.5.12 | 12.71 | 106.15 | 118.86 | NOTE | |
r-devel-linux-x86_64-debian-gcc | 0.5.12 | 8.14 | 68.91 | 77.05 | NOTE | |
r-devel-linux-x86_64-fedora-clang | 0.5.12 | 197.90 | OK | |||
r-devel-linux-x86_64-fedora-gcc | 0.5.12 | 180.50 | OK | |||
r-devel-windows-x86_64 | 0.5.12 | 17.00 | 138.00 | 155.00 | NOTE | |
r-patched-linux-x86_64 | 0.5.12 | 20.94 | 94.84 | 115.78 | OK | |
r-release-linux-x86_64 | 0.5.12 | 13.90 | 98.64 | 112.54 | OK | |
r-release-macos-arm64 | 0.5.12 | 56.00 | OK | |||
r-release-macos-x86_64 | 0.5.12 | 93.00 | OK | |||
r-release-windows-x86_64 | 0.5.12 | 16.00 | 137.00 | 153.00 | OK | |
r-oldrel-macos-arm64 | 0.5.12 | 60.00 | OK | |||
r-oldrel-macos-x86_64 | 0.5.12 | 123.00 | OK | |||
r-oldrel-windows-x86_64 | 0.5.12 | 18.00 | 170.00 | 188.00 | OK |
Version: 0.5.12
Check: Rd cross-references
Result: NOTE
Found the following Rd file(s) with Rd \link{} targets missing package
anchors:
associationsDiamondPlot.Rd: ggplot
basicDiamondplotFunctions.Rd: geom_polygon, geom_jitter, ggplot
biAxisDiamondPlot.Rd: ggplot
comparisonDiamondPlots.Rd: gtable
diamondPlot.Rd: ggplot
ggBoxplot.Rd: ggplot, geom_boxplot
ggEasyPlots.Rd: ggplot, geom_ridgeline, geom_bar
ggProportionPlot.Rd: linetype, ggplot2
ggqq.Rd: ggplot
knitFig.Rd: ggplot, knit_expand, knit
meanSDtoDiamondPlot.Rd: ggplot
meansDiamondPlot.Rd: ggplot
pwr.omegasq.Rd: pwr.anova.test, pwr
Please provide package anchors for all Rd \link{} targets not in the
package itself and the base packages.
Flavors: r-devel-linux-x86_64-debian-clang, r-devel-linux-x86_64-debian-gcc, r-devel-windows-x86_64
These binaries (installable software) and packages are in development.
They may not be fully stable and should be used with caution. We make no claims about them.
Health stats visible at Monitor.