CRAN Package Check Results for Package udunits2

Last updated on 2025-05-15 07:49:55 CEST.

Flavor Version Tinstall Tcheck Ttotal Status Flags
r-devel-linux-x86_64-debian-clang 0.13.2.1 4.64 19.60 24.24 NOTE
r-devel-linux-x86_64-debian-gcc 0.13.2.1 3.84 16.19 20.03 NOTE
r-devel-linux-x86_64-fedora-clang 0.13.2.1 38.07 NOTE
r-devel-linux-x86_64-fedora-gcc 0.13.2.1 38.38 NOTE
r-devel-windows-x86_64 0.13.2.1 6.00 41.00 47.00 OK
r-patched-linux-x86_64 0.13.2.1 4.07 18.56 22.63 NOTE
r-release-linux-x86_64 0.13.2.1 3.97 18.51 22.48 NOTE
r-release-macos-arm64 0.13.2.1 OK
r-release-macos-x86_64 0.13.2.1 35.00 OK
r-release-windows-x86_64 0.13.2.1 5.00 46.00 51.00 OK
r-oldrel-macos-arm64 0.13.2.1 20.00 OK
r-oldrel-macos-x86_64 0.13.2.1 28.00 OK
r-oldrel-windows-x86_64 0.13.2.1 5.00 41.00 46.00 OK

Check Details

Version: 0.13.2.1
Check: DESCRIPTION meta-information
Result: NOTE Maintainer field differs from that derived from Authors@R Maintainer: ‘ORPHANED’ Authors@R: ‘James Hiebert <hiebert@uvic.ca>’ Flavors: r-devel-linux-x86_64-debian-clang, r-devel-linux-x86_64-debian-gcc

Version: 0.13.2.1
Check: top-level files
Result: NOTE possible bashism in configure.ac line 34 (should be 'b = a'): dnl if test "${ac_cv_lib_expat_XML_ParserCreate}" == yes; then Flavors: r-devel-linux-x86_64-debian-clang, r-devel-linux-x86_64-debian-gcc, r-devel-linux-x86_64-fedora-clang, r-devel-linux-x86_64-fedora-gcc, r-patched-linux-x86_64, r-release-linux-x86_64

These binaries (installable software) and packages are in development.
They may not be fully stable and should be used with caution. We make no claims about them.
Health stats visible at Monitor.