Last updated on 2025-11-21 07:49:51 CET.
| Flavor | Version | Tinstall | Tcheck | Ttotal | Status | Flags |
|---|---|---|---|---|---|---|
| r-devel-linux-x86_64-debian-clang | 1.0 | 13.77 | 117.88 | 131.65 | NOTE | |
| r-devel-linux-x86_64-debian-gcc | 1.0 | 11.51 | 95.15 | 106.66 | NOTE | |
| r-devel-linux-x86_64-fedora-clang | 1.0 | 37.00 | 179.41 | 216.41 | OK | |
| r-devel-linux-x86_64-fedora-gcc | 1.0 | 64.00 | 158.79 | 222.79 | OK | |
| r-devel-windows-x86_64 | 1.0 | 21.00 | 109.00 | 130.00 | NOTE | |
| r-patched-linux-x86_64 | 1.0 | 14.43 | 118.35 | 132.78 | OK | |
| r-release-linux-x86_64 | 1.0 | 14.69 | 119.37 | 134.06 | OK | |
| r-release-macos-arm64 | 1.0 | OK | ||||
| r-release-macos-x86_64 | 1.0 | 19.00 | 109.00 | 128.00 | OK | |
| r-release-windows-x86_64 | 1.0 | 17.00 | 105.00 | 122.00 | OK | |
| r-oldrel-macos-arm64 | 1.0 | OK | ||||
| r-oldrel-macos-x86_64 | 1.0 | 15.00 | 81.00 | 96.00 | OK | |
| r-oldrel-windows-x86_64 | 1.0 | 22.00 | 131.00 | 153.00 | OK |
Version: 1.0
Check: CRAN incoming feasibility
Result: NOTE
Maintainer: ‘Paul TERNYNCK <ternynck@lisic.univ-littoral.fr>’
Found the following URLs which should use \doi (with the DOI name only):
File ‘MarelCarnot.Rd’:
http://doi.org/10.17882/39754
Flavors: r-devel-linux-x86_64-debian-clang, r-devel-linux-x86_64-debian-gcc
Version: 1.0
Check: Rd files
Result: NOTE
checkRd: (-1) MarelCarnot.Rd:18-35: Only 3 columns allowed in this table (row 12 has 2)
Flavor: r-devel-windows-x86_64
These binaries (installable software) and packages are in development.
They may not be fully stable and should be used with caution. We make no claims about them.
Health stats visible at Monitor.