Last updated on 2025-10-30 23:50:24 CET.
| Flavor | Version | Tinstall | Tcheck | Ttotal | Status | Flags | 
|---|---|---|---|---|---|---|
| r-devel-linux-x86_64-debian-clang | 1.0 | 12.77 | 116.54 | 129.31 | NOTE | |
| r-devel-linux-x86_64-debian-gcc | 1.0 | 10.38 | 95.54 | 105.92 | NOTE | |
| r-devel-linux-x86_64-fedora-clang | 1.0 | 32.00 | 178.51 | 210.51 | NOTE | |
| r-devel-linux-x86_64-fedora-gcc | 1.0 | 72.00 | 152.76 | 224.76 | NOTE | |
| r-devel-windows-x86_64 | 1.0 | 17.00 | 172.00 | 189.00 | OK | |
| r-patched-linux-x86_64 | 1.0 | 14.30 | 118.35 | 132.65 | OK | |
| r-release-linux-x86_64 | 1.0 | 13.60 | 119.42 | 133.02 | OK | |
| r-release-macos-arm64 | 1.0 | 18.00 | 85.00 | 103.00 | OK | |
| r-release-macos-x86_64 | 1.0 | 19.00 | 109.00 | 128.00 | OK | |
| r-release-windows-x86_64 | 1.0 | 16.00 | 108.00 | 124.00 | OK | |
| r-oldrel-macos-arm64 | 1.0 | 15.00 | 82.00 | 97.00 | OK | |
| r-oldrel-macos-x86_64 | 1.0 | 15.00 | 81.00 | 96.00 | OK | |
| r-oldrel-windows-x86_64 | 1.0 | 23.00 | 135.00 | 158.00 | OK | 
Version: 1.0
Check: CRAN incoming feasibility
Result: NOTE
  Maintainer: ‘Paul TERNYNCK <ternynck@lisic.univ-littoral.fr>’
  
  Found the following URLs which should use \doi (with the DOI name only):
    File ‘MarelCarnot.Rd’:
      http://doi.org/10.17882/39754
Flavors: r-devel-linux-x86_64-debian-clang, r-devel-linux-x86_64-debian-gcc
Version: 1.0
Check: Rd files
Result: NOTE
  checkRd: (-1) MarelCarnot.Rd:18-35: Only 3 columns allowed in this table (row 12 has 2)
Flavors: r-devel-linux-x86_64-debian-clang, r-devel-linux-x86_64-debian-gcc, r-devel-linux-x86_64-fedora-clang, r-devel-linux-x86_64-fedora-gcc
These binaries (installable software) and packages are in development.
They may not be fully stable and should be used with caution. We make no claims about them.
Health stats visible at Monitor.