Last updated on 2024-05-02 13:50:19 CEST.
Flavor | Version | Tinstall | Tcheck | Ttotal | Status | Flags |
---|---|---|---|---|---|---|
r-devel-linux-x86_64-debian-clang | 3.4.5 | 7.79 | 136.20 | 143.99 | NOTE | |
r-devel-linux-x86_64-debian-gcc | 3.4.5 | 6.98 | 95.66 | 102.64 | NOTE | |
r-devel-linux-x86_64-fedora-clang | 3.4.5 | 180.40 | NOTE | |||
r-devel-linux-x86_64-fedora-gcc | 3.4.5 | 183.16 | NOTE | |||
r-devel-windows-x86_64 | 3.4.5 | 9.00 | 148.00 | 157.00 | NOTE | |
r-patched-linux-x86_64 | 3.4.5 | 14.57 | 122.50 | 137.07 | NOTE | |
r-release-linux-x86_64 | 3.4.5 | 7.29 | 126.57 | 133.86 | NOTE | |
r-release-macos-arm64 | 3.4.5 | 58.00 | NOTE | |||
r-release-windows-x86_64 | 3.4.5 | 9.00 | 151.00 | 160.00 | NOTE | |
r-oldrel-macos-arm64 | 3.4.5 | 64.00 | OK | |||
r-oldrel-macos-x86_64 | 3.4.5 | 117.00 | OK | |||
r-oldrel-windows-x86_64 | 3.4.5 | 12.00 | 166.00 | 178.00 | OK |
Version: 3.4.5
Check: Rd files
Result: NOTE
checkRd: (-1) alt_gsmar.Rd:50: Lost braces; missing escapes or markup?
50 | In addition to the S3 methods listed under the topic "Methods (by generic)", the \code{predict} and {simulate} methods
| ^
Flavors: r-devel-linux-x86_64-debian-clang, r-devel-linux-x86_64-debian-gcc, r-devel-linux-x86_64-fedora-clang, r-devel-linux-x86_64-fedora-gcc, r-devel-windows-x86_64, r-patched-linux-x86_64, r-release-linux-x86_64, r-release-macos-arm64, r-release-windows-x86_64
These binaries (installable software) and packages are in development.
They may not be fully stable and should be used with caution. We make no claims about them.
Health stats visible at Monitor.