Last updated on 2025-05-03 22:50:13 CEST.
Flavor | Version | Tinstall | Tcheck | Ttotal | Status | Flags |
---|---|---|---|---|---|---|
r-devel-linux-x86_64-debian-clang | 2.0.1 | 5.82 | 26.34 | 32.16 | NOTE | |
r-devel-linux-x86_64-debian-gcc | 2.0.1 | 4.02 | 21.35 | 25.37 | NOTE | |
r-devel-linux-x86_64-fedora-clang | 2.0.1 | 52.54 | OK | |||
r-devel-linux-x86_64-fedora-gcc | 2.0.1 | 49.06 | OK | |||
r-devel-windows-x86_64 | 2.0.1 | 9.00 | 55.00 | 64.00 | OK | |
r-patched-linux-x86_64 | 2.0.1 | 4.77 | 24.48 | 29.25 | OK | |
r-release-linux-x86_64 | OK | |||||
r-release-macos-arm64 | 2.0.1 | 22.00 | OK | |||
r-release-macos-x86_64 | 2.0.1 | 36.00 | OK | |||
r-release-windows-x86_64 | 2.0.1 | 9.00 | 54.00 | 63.00 | OK | |
r-oldrel-macos-arm64 | 2.0.1 | 29.00 | OK | |||
r-oldrel-macos-x86_64 | 2.0.1 | 28.00 | OK | |||
r-oldrel-windows-x86_64 | 2.0.1 | 10.00 | 63.00 | 73.00 | OK |
Version: 2.0.1
Check: CRAN incoming feasibility
Result: NOTE
Maintainer: ‘Connor Dowd <cd@codowd.com>’
The Description field contains
that of Anderson-Darling. See the companion paper at <arXiv:2007.01360>
Please refer to arXiv e-prints via their arXiv DOI <doi:10.48550/arXiv.YYMM.NNNNN>.
Flavors: r-devel-linux-x86_64-debian-clang, r-devel-linux-x86_64-debian-gcc
These binaries (installable software) and packages are in development.
They may not be fully stable and should be used with caution. We make no claims about them.
Health stats visible at Monitor.