Last updated on 2025-02-23 19:51:23 CET.
Flavor | Version | Tinstall | Tcheck | Ttotal | Status | Flags |
---|---|---|---|---|---|---|
r-devel-linux-x86_64-debian-clang | 2.0.3 | 30.03 | 37.79 | 67.82 | OK | |
r-devel-linux-x86_64-debian-gcc | 2.0.3 | 24.73 | 28.97 | 53.70 | OK | |
r-devel-linux-x86_64-fedora-clang | 2.0.3 | 131.49 | WARN | |||
r-devel-linux-x86_64-fedora-gcc | 2.0.3 | 127.84 | OK | |||
r-devel-macos-arm64 | 2.0.3 | 32.00 | OK | |||
r-devel-macos-x86_64 | 2.0.3 | 58.00 | OK | |||
r-devel-windows-x86_64 | 2.0.3 | 39.00 | 80.00 | 119.00 | OK | |
r-patched-linux-x86_64 | 2.0.3 | 35.38 | 35.67 | 71.05 | OK | |
r-release-linux-x86_64 | 2.0.3 | 35.62 | 36.51 | 72.13 | OK | |
r-release-macos-arm64 | 2.0.3 | 32.00 | OK | |||
r-release-macos-x86_64 | 2.0.3 | 44.00 | OK | |||
r-release-windows-x86_64 | 2.0.3 | 39.00 | 76.00 | 115.00 | OK | |
r-oldrel-macos-arm64 | 2.0.3 | 37.00 | OK | |||
r-oldrel-macos-x86_64 | 2.0.3 | 63.00 | OK | |||
r-oldrel-windows-x86_64 | 2.0.3 | 46.00 | 83.00 | 129.00 | OK |
Version: 2.0.3
Check: whether package can be installed
Result: WARN
Found the following significant warnings:
/data/gannet/ripley/R/test-clang/cpp11/include/cpp11/R.hpp:52:31: warning: identifier '_xl' preceded by whitespace in a literal operator declaration is deprecated [-Wdeprecated-literal-operator]
/data/gannet/ripley/R/test-clang/cpp11/include/cpp11/named_arg.hpp:42:29: warning: identifier '_nm' preceded by whitespace in a literal operator declaration is deprecated [-Wdeprecated-literal-operator]
See ‘/data/gannet/ripley/R/packages/tests-clang/tweenr.Rcheck/00install.out’ for details.
* used C compiler: ‘clang version 20.1.0-rc2’
* used C++ compiler: ‘clang version 20.1.0-rc2’
Flavor: r-devel-linux-x86_64-fedora-clang
These binaries (installable software) and packages are in development.
They may not be fully stable and should be used with caution. We make no claims about them.
Health stats visible at Monitor.