Last updated on 2025-05-15 09:52:46 CEST.
Flavor | Version | Tinstall | Tcheck | Ttotal | Status | Flags |
---|---|---|---|---|---|---|
r-devel-linux-x86_64-debian-clang | 1.1.707 | 17.34 | 132.68 | 150.02 | NOTE | |
r-devel-linux-x86_64-debian-gcc | 1.2.707 | 12.99 | 96.06 | 109.05 | OK | |
r-devel-linux-x86_64-fedora-clang | 1.2.707 | 237.99 | OK | |||
r-devel-linux-x86_64-fedora-gcc | 1.2.707 | 239.69 | OK | |||
r-devel-windows-x86_64 | 1.2.707 | 18.00 | 138.00 | 156.00 | OK | |
r-patched-linux-x86_64 | 1.2.707 | 17.57 | 125.78 | 143.35 | OK | |
r-release-linux-x86_64 | 1.1.707 | 15.53 | 121.58 | 137.11 | OK | |
r-release-macos-arm64 | 1.2.707 | 46.00 | OK | |||
r-release-macos-x86_64 | 1.1.707 | 130.00 | OK | |||
r-release-windows-x86_64 | 1.2.707 | 17.00 | 143.00 | 160.00 | OK | |
r-oldrel-macos-arm64 | 1.2.707 | 64.00 | OK | |||
r-oldrel-macos-x86_64 | 1.2.707 | 106.00 | OK | |||
r-oldrel-windows-x86_64 | 1.1.707 | 26.00 | 177.00 | 203.00 | OK |
Version: 1.1.707
Check: DESCRIPTION meta-information
Result: NOTE
Author field differs from that derived from Authors@R
Author: ‘Eduardo Ogasawara [aut, ths, cre] (<https://orcid.org/0000-0002-0466-0626>), Carla Pacheco [aut], Cristiane Gea [aut], Diogo Santos [aut], Rebecca Salles [aut], Vitoria Birindiba [aut], Eduardo Bezerra [aut], Esther Pacitti [aut], Fabio Porto [aut], CEFET/RJ [cph] (Federal Center for Technological Education of Rio de Janeiro)’
Authors@R: ‘Eduardo Ogasawara [aut, ths, cre] (ORCID: <https://orcid.org/0000-0002-0466-0626>), Carla Pacheco [aut], Cristiane Gea [aut], Diogo Santos [aut], Rebecca Salles [aut], Vitoria Birindiba [aut], Eduardo Bezerra [aut], Esther Pacitti [aut], Fabio Porto [aut], CEFET/RJ [cph] (organization: Federal Center for Technological Education of Rio de Janeiro)’
Flavor: r-devel-linux-x86_64-debian-clang
These binaries (installable software) and packages are in development.
They may not be fully stable and should be used with caution. We make no claims about them.
Health stats visible at Monitor.