Last updated on 2025-10-30 19:53:40 CET.
| Flavor | Version | Tinstall | Tcheck | Ttotal | Status | Flags | 
|---|---|---|---|---|---|---|
| r-devel-linux-x86_64-debian-clang | 1.0.0 | 139.40 | 779.66 | 919.06 | OK | |
| r-devel-linux-x86_64-debian-gcc | 1.0.0 | 98.87 | 515.33 | 614.20 | OK | |
| r-devel-linux-x86_64-fedora-clang | 1.0.0 | 236.00 | 1296.37 | 1532.37 | OK | |
| r-devel-linux-x86_64-fedora-gcc | 1.0.0 | 123.00 | 1383.16 | 1506.16 | OK | |
| r-devel-windows-x86_64 | 1.0.0 | 163.00 | 362.00 | 525.00 | ERROR | |
| r-patched-linux-x86_64 | 1.0.0 | 147.09 | 730.17 | 877.26 | OK | |
| r-release-linux-x86_64 | 1.0.0 | 135.99 | 733.69 | 869.68 | OK | |
| r-release-macos-arm64 | 1.0.0 | 51.00 | 273.00 | 324.00 | OK | |
| r-release-macos-x86_64 | 1.0.0 | 56.00 | 627.00 | 683.00 | OK | |
| r-release-windows-x86_64 | 1.0.0 | 166.00 | 725.00 | 891.00 | OK | |
| r-oldrel-macos-arm64 | 1.0.0 | 28.00 | 164.00 | 192.00 | NOTE | |
| r-oldrel-macos-x86_64 | 1.0.0 | 28.00 | 310.00 | 338.00 | NOTE | |
| r-oldrel-windows-x86_64 | 1.0.0 | 193.00 | 978.00 | 1171.00 | NOTE | 
Version: 1.0.0
Check: re-building of vignette outputs
Result: ERROR
  Error(s) in re-building vignettes:
  --- re-building 'feasible_multivariate_garch.Rmd' using rmarkdown
  --- finished re-building 'feasible_multivariate_garch.Rmd'
  
  --- re-building 'tsmarch_demo.Rmd' using rmarkdown
  SUMMARY: processing the following file failed:
    'tsmarch_demo.Rmd'
  
  Error: Vignette re-building failed.
  Execution halted
Flavor: r-devel-windows-x86_64
Version: 1.0.0
Check: installed package size
Result: NOTE
    installed size is 15.3Mb
    sub-directories of 1Mb or more:
      doc    1.6Mb
      libs  12.2Mb
Flavors: r-oldrel-macos-arm64, r-oldrel-macos-x86_64
Version: 1.0.0
Check: for GNU extensions in Makefiles
Result: NOTE
  GNU make is a SystemRequirements.
Flavors: r-oldrel-macos-arm64, r-oldrel-macos-x86_64, r-oldrel-windows-x86_64
These binaries (installable software) and packages are in development.
They may not be fully stable and should be used with caution. We make no claims about them.
Health stats visible at Monitor.