CRAN Package Check Results for Package tsdecomp

Last updated on 2025-05-15 07:49:55 CEST.

Flavor Version Tinstall Tcheck Ttotal Status Flags
r-devel-linux-x86_64-debian-clang 0.2 3.46 29.86 33.32 NOTE
r-devel-linux-x86_64-debian-gcc 0.2 2.48 23.30 25.78 NOTE
r-devel-linux-x86_64-fedora-clang 0.2 52.32 OK
r-devel-linux-x86_64-fedora-gcc 0.2 65.20 OK
r-devel-windows-x86_64 0.2 4.00 58.00 62.00 OK
r-patched-linux-x86_64 0.2 3.64 28.19 31.83 OK
r-release-linux-x86_64 0.2 2.80 28.62 31.42 OK
r-release-macos-arm64 0.2 OK
r-release-macos-x86_64 0.2 49.00 OK
r-release-windows-x86_64 0.2 4.00 59.00 63.00 OK
r-oldrel-macos-arm64 0.2 24.00 OK
r-oldrel-macos-x86_64 0.2 36.00 OK
r-oldrel-windows-x86_64 0.2 4.00 58.00 62.00 OK

Check Details

Version: 0.2
Check: CRAN incoming feasibility
Result: NOTE Maintainer: ‘Javier López-de-Lacalle <javlacalle@yahoo.es>’ No Authors@R field in DESCRIPTION. Please add one, modifying Authors@R: person(given = "Javier", family = "López-de-Lacalle", role = c("aut", "cre"), email = "javlacalle@yahoo.es") as necessary. Found the following \keyword or \concept entries which likely give several index terms: File ‘tsdecomp-package.Rd’: \keyword{package, ts} Flavors: r-devel-linux-x86_64-debian-clang, r-devel-linux-x86_64-debian-gcc

These binaries (installable software) and packages are in development.
They may not be fully stable and should be used with caution. We make no claims about them.
Health stats visible at Monitor.