CRAN Package Check Results for Package truncAIPW

Last updated on 2025-05-17 19:52:09 CEST.

Flavor Version Tinstall Tcheck Ttotal Status Flags
r-devel-linux-x86_64-debian-clang 1.0.1 6.48 62.14 68.62 NOTE
r-devel-linux-x86_64-debian-gcc 1.0.1 5.25 46.80 52.05 NOTE
r-devel-linux-x86_64-fedora-clang 1.0.1 106.38 OK
r-devel-linux-x86_64-fedora-gcc 1.0.1 106.36 OK
r-devel-windows-x86_64 1.0.1 8.00 76.00 84.00 OK
r-patched-linux-x86_64 1.0.1 7.16 59.59 66.75 OK
r-release-linux-x86_64 1.0.1 5.95 59.35 65.30 OK
r-release-macos-arm64 1.0.1 38.00 OK
r-release-macos-x86_64 1.0.1 70.00 OK
r-release-windows-x86_64 1.0.1 8.00 77.00 85.00 OK
r-oldrel-macos-arm64 1.0.1 35.00 OK
r-oldrel-macos-x86_64 1.0.1 53.00 OK
r-oldrel-windows-x86_64 1.0.1 10.00 90.00 100.00 OK

Check Details

Version: 1.0.1
Check: CRAN incoming feasibility
Result: NOTE Maintainer: ‘Yuyao Wang <yuw079@ucsd.edu>’ The Description field contains dependent left truncation" <arXiv:2208.06836>. Please refer to arXiv e-prints via their arXiv DOI <doi:10.48550/arXiv.YYMM.NNNNN>. Flavors: r-devel-linux-x86_64-debian-clang, r-devel-linux-x86_64-debian-gcc

These binaries (installable software) and packages are in development.
They may not be fully stable and should be used with caution. We make no claims about them.
Health stats visible at Monitor.