CRAN Package Check Results for Package triangulr

Last updated on 2025-02-23 15:50:00 CET.

Flavor Version Tinstall Tcheck Ttotal Status Flags
r-devel-linux-x86_64-debian-clang 1.2.1 6.49 28.52 35.01 NOTE
r-devel-linux-x86_64-debian-gcc 1.2.1 4.78 21.98 26.76 NOTE
r-devel-linux-x86_64-fedora-clang 1.2.1 62.23 WARN
r-devel-linux-x86_64-fedora-gcc 1.2.1 54.57 NOTE
r-devel-macos-arm64 1.2.1 23.00 NOTE
r-devel-macos-x86_64 1.2.1 38.00 NOTE
r-devel-windows-x86_64 1.2.1 9.00 54.00 63.00 NOTE
r-patched-linux-x86_64 1.2.1 5.95 27.17 33.12 NOTE
r-release-linux-x86_64 1.2.1 6.44 27.35 33.79 NOTE
r-release-macos-arm64 1.2.1 23.00 NOTE
r-release-macos-x86_64 1.2.1 31.00 NOTE
r-release-windows-x86_64 1.2.1 9.00 52.00 61.00 NOTE
r-oldrel-macos-arm64 1.2.1 24.00 NOTE
r-oldrel-macos-x86_64 1.2.1 33.00 NOTE
r-oldrel-windows-x86_64 1.2.1 11.00 61.00 72.00 NOTE

Check Details

Version: 1.2.1
Check: C++ specification
Result: NOTE Specified C++11: please drop specification unless essential Flavors: r-devel-linux-x86_64-debian-clang, r-devel-linux-x86_64-debian-gcc, r-devel-linux-x86_64-fedora-clang, r-devel-linux-x86_64-fedora-gcc, r-devel-macos-arm64, r-devel-macos-x86_64, r-devel-windows-x86_64, r-patched-linux-x86_64, r-release-linux-x86_64, r-release-macos-arm64, r-release-macos-x86_64, r-release-windows-x86_64, r-oldrel-macos-arm64, r-oldrel-macos-x86_64, r-oldrel-windows-x86_64

Version: 1.2.1
Check: whether package can be installed
Result: WARN Found the following significant warnings: /data/gannet/ripley/R/test-clang/cpp11/include/cpp11/R.hpp:52:31: warning: identifier '_xl' preceded by whitespace in a literal operator declaration is deprecated [-Wdeprecated-literal-operator] /data/gannet/ripley/R/test-clang/cpp11/include/cpp11/named_arg.hpp:42:29: warning: identifier '_nm' preceded by whitespace in a literal operator declaration is deprecated [-Wdeprecated-literal-operator] See ‘/data/gannet/ripley/R/packages/tests-clang/triangulr.Rcheck/00install.out’ for details. * used C++ compiler: ‘clang version 20.1.0-rc2’ Flavor: r-devel-linux-x86_64-fedora-clang

These binaries (installable software) and packages are in development.
They may not be fully stable and should be used with caution. We make no claims about them.
Health stats visible at Monitor.