Last updated on 2025-10-30 13:48:52 CET.
| Flavor | Version | Tinstall | Tcheck | Ttotal | Status | Flags |
|---|---|---|---|---|---|---|
| r-devel-linux-x86_64-debian-clang | 0.1.0 | 28.88 | 32.02 | 60.90 | NOTE | |
| r-devel-linux-x86_64-debian-gcc | 0.1.0 | 20.97 | 25.82 | 46.79 | NOTE | |
| r-devel-linux-x86_64-fedora-clang | 0.1.0 | 42.00 | 72.08 | 114.08 | NOTE | |
| r-devel-linux-x86_64-fedora-gcc | 0.1.0 | 98.00 | 10.76 | 108.76 | NOTE | |
| r-devel-windows-x86_64 | 0.1.0 | 37.00 | 68.00 | 105.00 | OK | |
| r-patched-linux-x86_64 | 0.1.0 | 30.39 | 32.00 | 62.39 | OK | |
| r-release-linux-x86_64 | 0.1.0 | 28.93 | 32.24 | 61.17 | OK | |
| r-release-macos-arm64 | 0.1.0 | 14.00 | 22.00 | 36.00 | OK | |
| r-release-macos-x86_64 | 0.1.0 | 16.00 | 36.00 | 52.00 | OK | |
| r-release-windows-x86_64 | 0.1.0 | 37.00 | 66.00 | 103.00 | OK | |
| r-oldrel-macos-arm64 | 0.1.0 | 15.00 | 19.00 | 34.00 | NOTE | |
| r-oldrel-macos-x86_64 | 0.1.0 | 13.00 | 28.00 | 41.00 | NOTE | |
| r-oldrel-windows-x86_64 | 0.1.0 | 45.00 | 86.00 | 131.00 | OK |
Version: 0.1.0
Check: Rd files
Result: NOTE
checkRd: (-1) trans_m.Rd:44-57: Only 4 columns allowed in this table (row 12 has 1)
Flavors: r-devel-linux-x86_64-debian-clang, r-devel-linux-x86_64-debian-gcc, r-devel-linux-x86_64-fedora-clang, r-devel-linux-x86_64-fedora-gcc
Version: 0.1.0
Check: installed package size
Result: NOTE
installed size is 7.9Mb
sub-directories of 1Mb or more:
libs 7.8Mb
Flavors: r-oldrel-macos-arm64, r-oldrel-macos-x86_64
These binaries (installable software) and packages are in development.
They may not be fully stable and should be used with caution. We make no claims about them.
Health stats visible at Monitor.