Last updated on 2025-05-17 13:49:54 CEST.
Flavor | Version | Tinstall | Tcheck | Ttotal | Status | Flags |
---|---|---|---|---|---|---|
r-devel-linux-x86_64-debian-clang | 1.2-2 | 11.29 | 809.37 | 820.66 | OK | |
r-devel-linux-x86_64-debian-gcc | 1.2-2 | 7.76 | 506.75 | 514.51 | OK | |
r-devel-linux-x86_64-fedora-clang | 1.2-2 | 1301.33 | OK | |||
r-devel-linux-x86_64-fedora-gcc | 1.2-2 | 1299.74 | OK | |||
r-devel-windows-x86_64 | 1.2-2 | 13.00 | 419.00 | 432.00 | OK | |
r-patched-linux-x86_64 | 1.2-2 | 10.83 | 788.76 | 799.59 | OK | |
r-release-linux-x86_64 | 1.2-2 | 10.44 | 776.41 | 786.85 | OK | |
r-release-macos-arm64 | 1.2-2 | 228.00 | OK | |||
r-release-macos-x86_64 | 1.2-2 | 492.00 | OK | |||
r-release-windows-x86_64 | 1.2-2 | 14.00 | 416.00 | 430.00 | OK | |
r-oldrel-macos-arm64 | 1.2-2 | 296.00 | WARN | |||
r-oldrel-macos-x86_64 | 1.2-2 | 774.00 | WARN | |||
r-oldrel-windows-x86_64 | 1.2-1 | 16.00 | 575.00 | 591.00 | OK |
Version: 1.2-2
Check: package subdirectories
Result: WARN
Subdirectory 'demo' contains invalid file names:
‘NAMI.Rout.save’ ‘SCI_ePolr.Rout.save’ ‘hcc.Rout.save’
‘mtram.Rout.save’ ‘npb.Rout.save’ ‘npn.Rout.save’ ‘stram.Rout.save’
‘survtram.Rout.save’ ‘tram.Rout.save’ ‘undernutrition.Rout.save’
Please remove or rename the files.
See section ‘Package subdirectories’ in the ‘Writing R Extensions’
manual.
Flavors: r-oldrel-macos-arm64, r-oldrel-macos-x86_64
These binaries (installable software) and packages are in development.
They may not be fully stable and should be used with caution. We make no claims about them.
Health stats visible at Monitor.