Last updated on 2025-10-30 19:53:40 CET.
| Flavor | Version | Tinstall | Tcheck | Ttotal | Status | Flags | 
|---|---|---|---|---|---|---|
| r-devel-linux-x86_64-debian-clang | 0.1.0 | 14.42 | 161.66 | 176.08 | ERROR | |
| r-devel-linux-x86_64-debian-gcc | 0.1.0 | 9.14 | 97.84 | 106.98 | ERROR | |
| r-devel-linux-x86_64-fedora-clang | 0.1.0 | 32.00 | 242.17 | 274.17 | ERROR | |
| r-devel-linux-x86_64-fedora-gcc | 0.1.0 | 30.00 | 231.46 | 261.46 | ERROR | |
| r-devel-windows-x86_64 | 0.1.0 | 17.00 | 145.00 | 162.00 | ERROR | |
| r-patched-linux-x86_64 | 0.1.0 | 13.44 | 149.85 | 163.29 | ERROR | |
| r-release-linux-x86_64 | 0.1.0 | 13.09 | 149.90 | 162.99 | ERROR | |
| r-release-macos-arm64 | 0.1.0 | 6.00 | 59.00 | 65.00 | OK | |
| r-release-macos-x86_64 | 0.1.0 | 13.00 | 99.00 | 112.00 | OK | |
| r-release-windows-x86_64 | 0.1.0 | 18.00 | 153.00 | 171.00 | ERROR | |
| r-oldrel-macos-arm64 | 0.1.0 | 6.00 | 64.00 | 70.00 | OK | |
| r-oldrel-macos-x86_64 | 0.1.0 | 13.00 | 120.00 | 133.00 | OK | |
| r-oldrel-windows-x86_64 | 0.1.0 | 22.00 | 199.00 | 221.00 | ERROR | 
Version: 0.1.0
Check: tests
Result: ERROR
    Running ‘spelling.R’ [0s/0s]
    Running ‘testthat.R’ [57s/67s]
  Running the tests in ‘tests/testthat.R’ failed.
  Complete output:
    > # This file is part of the standard setup for testthat.
    > # It is recommended that you do not modify it.
    > #
    > # Where should you do additional test configuration?
    > # Learn more about the roles of various files in:
    > # * https://r-pkgs.org/testing-design.html#sec-tests-files-overview
    > # * https://testthat.r-lib.org/articles/special-files.html
    > 
    > library(testthat)
    > library(tradeoffaucdim)
    Loading required package: SuperLearner
    Loading required package: nnls
    Loading required package: gam
    Loading required package: splines
    Loading required package: foreach
    Loaded gam 1.22-6
    
    Super Learner
    Version: 2.0-29
    Package created on 2024-02-06
    
    > 
    > test_check("tradeoffaucdim" )
    fitting model SL.glm ===>---------------------------    8% |  ETA: 20s
    fitting model SL.glm ======>------------------------   21% |  ETA: 18s
    fitting model SL.glm ==========>--------------------   34% |  ETA: 15s
    fitting model SL.glm =============>-----------------   43% |  ETA: 14s
    fitting model SL.glm ===============>---------------   51% |  ETA: 13s
    fitting model SL.glm ==================>------------   60% |  ETA: 11s
    fitting model SL.glm =====================>---------   69% |  ETA:  9s
    fitting model SL.glm ========================>------   79% |  ETA:  6s
    fitting model SL.glm ==========================>----   86% |  ETA:  4s
    fitting model SL.glm ============================>--   94% |  ETA:  2s
    [ FAIL 2 | WARN 0 | SKIP 0 | PASS 38 ]
    
    ══ Failed tests ════════════════════════════════════════════════════════════════
    ── Failure ('test-05-plot_curve.R:11:3'): output ───────────────────────────────
    plot_curve(obj4)$plot_performance has type 'object', not 'list'.
    ── Failure ('test-05-plot_curve.R:12:3'): output ───────────────────────────────
    plot_curve(obj4)$plot_time has type 'object', not 'list'.
    
    [ FAIL 2 | WARN 0 | SKIP 0 | PASS 38 ]
    Error: Test failures
    Execution halted
Flavor: r-devel-linux-x86_64-debian-clang
Version: 0.1.0
Check: tests
Result: ERROR
    Running ‘spelling.R’ [0s/0s]
    Running ‘testthat.R’ [32s/36s]
  Running the tests in ‘tests/testthat.R’ failed.
  Complete output:
    > # This file is part of the standard setup for testthat.
    > # It is recommended that you do not modify it.
    > #
    > # Where should you do additional test configuration?
    > # Learn more about the roles of various files in:
    > # * https://r-pkgs.org/testing-design.html#sec-tests-files-overview
    > # * https://testthat.r-lib.org/articles/special-files.html
    > 
    > library(testthat)
    > library(tradeoffaucdim)
    Loading required package: SuperLearner
    Loading required package: nnls
    Loading required package: gam
    Loading required package: splines
    Loading required package: foreach
    Loaded gam 1.22-6
    
    Super Learner
    Version: 2.0-29
    Package created on 2024-02-06
    
    > 
    > test_check("tradeoffaucdim" )
    fitting model SL.glm ==========>--------------------   35% |  ETA:  6s
    fitting model SL.glm ================>--------------   54% |  ETA:  6s
    fitting model SL.glm =====================>---------   69% |  ETA:  4s
    fitting model SL.glm ========================>------   81% |  ETA:  3s
    fitting model SL.glm ============================>--   93% |  ETA:  1s
    [ FAIL 2 | WARN 0 | SKIP 0 | PASS 38 ]
    
    ══ Failed tests ════════════════════════════════════════════════════════════════
    ── Failure ('test-05-plot_curve.R:11:3'): output ───────────────────────────────
    plot_curve(obj4)$plot_performance has type 'object', not 'list'.
    ── Failure ('test-05-plot_curve.R:12:3'): output ───────────────────────────────
    plot_curve(obj4)$plot_time has type 'object', not 'list'.
    
    [ FAIL 2 | WARN 0 | SKIP 0 | PASS 38 ]
    Error: Test failures
    Execution halted
Flavor: r-devel-linux-x86_64-debian-gcc
Version: 0.1.0
Check: dependencies in R code
Result: NOTE
  Namespace in Imports field not imported from: ‘speedglm’
    All declared Imports should be used.
Flavors: r-devel-linux-x86_64-fedora-clang, r-devel-linux-x86_64-fedora-gcc
Version: 0.1.0
Check: tests
Result: ERROR
    Running ‘spelling.R’
    Running ‘testthat.R’ [89s/120s]
  Running the tests in ‘tests/testthat.R’ failed.
  Complete output:
    > # This file is part of the standard setup for testthat.
    > # It is recommended that you do not modify it.
    > #
    > # Where should you do additional test configuration?
    > # Learn more about the roles of various files in:
    > # * https://r-pkgs.org/testing-design.html#sec-tests-files-overview
    > # * https://testthat.r-lib.org/articles/special-files.html
    > 
    > library(testthat)
    > library(tradeoffaucdim)
    Loading required package: SuperLearner
    Loading required package: nnls
    Loading required package: gam
    Loading required package: splines
    Loading required package: foreach
    Loaded gam 1.22-6
    
    Super Learner
    Version: 2.0-29
    Package created on 2024-02-06
    
    > 
    > test_check("tradeoffaucdim" )
    fitting model SL.glm ==>----------------------------    6% |  ETA: 44s
    fitting model SL.glm ====>--------------------------   13% |  ETA: 38s
    fitting model SL.glm ======>------------------------   21% |  ETA: 33s
    fitting model SL.glm ========>----------------------   27% |  ETA: 32s
    fitting model SL.glm ==========>--------------------   32% |  ETA: 32s
    fitting model SL.glm ===========>-------------------   37% |  ETA: 30s
    fitting model SL.glm =============>-----------------   42% |  ETA: 29s
    fitting model SL.glm ==============>----------------   48% |  ETA: 26s
    fitting model SL.glm ================>--------------   53% |  ETA: 24s
    fitting model SL.glm =================>-------------   56% |  ETA: 23s
    fitting model SL.glm ===================>-----------   64% |  ETA: 19s
    fitting model SL.glm =====================>---------   70% |  ETA: 16s
    fitting model SL.glm ======================>--------   75% |  ETA: 13s
    fitting model SL.glm ========================>------   79% |  ETA: 11s
    fitting model SL.glm =========================>-----   83% |  ETA:  9s
    fitting model SL.glm ===========================>---   90% |  ETA:  5s
    fitting model SL.glm ============================>--   95% |  ETA:  3s
    [ FAIL 2 | WARN 0 | SKIP 0 | PASS 38 ]
    
    ══ Failed tests ════════════════════════════════════════════════════════════════
    ── Failure ('test-05-plot_curve.R:11:3'): output ───────────────────────────────
    plot_curve(obj4)$plot_performance has type 'object', not 'list'.
    ── Failure ('test-05-plot_curve.R:12:3'): output ───────────────────────────────
    plot_curve(obj4)$plot_time has type 'object', not 'list'.
    
    [ FAIL 2 | WARN 0 | SKIP 0 | PASS 38 ]
    Error: Test failures
    Execution halted
Flavor: r-devel-linux-x86_64-fedora-clang
Version: 0.1.0
Check: tests
Result: ERROR
    Running ‘spelling.R’
    Running ‘testthat.R’ [87s/102s]
  Running the tests in ‘tests/testthat.R’ failed.
  Complete output:
    > # This file is part of the standard setup for testthat.
    > # It is recommended that you do not modify it.
    > #
    > # Where should you do additional test configuration?
    > # Learn more about the roles of various files in:
    > # * https://r-pkgs.org/testing-design.html#sec-tests-files-overview
    > # * https://testthat.r-lib.org/articles/special-files.html
    > 
    > library(testthat)
    > library(tradeoffaucdim)
    Loading required package: SuperLearner
    Loading required package: nnls
    Loading required package: gam
    Loading required package: splines
    Loading required package: foreach
    Loaded gam 1.22-6
    
    Super Learner
    Version: 2.0-29
    Package created on 2024-02-06
    
    > 
    > test_check("tradeoffaucdim" )
    fitting model SL.glm ==>----------------------------    5% |  ETA: 35s
    fitting model SL.glm ====>--------------------------   14% |  ETA: 29s
    fitting model SL.glm ======>------------------------   21% |  ETA: 29s
    fitting model SL.glm ========>----------------------   28% |  ETA: 28s
    fitting model SL.glm ===========>-------------------   36% |  ETA: 25s
    fitting model SL.glm =============>-----------------   42% |  ETA: 23s
    fitting model SL.glm ===============>---------------   50% |  ETA: 20s
    fitting model SL.glm ================>--------------   54% |  ETA: 19s
    fitting model SL.glm ==================>------------   61% |  ETA: 16s
    fitting model SL.glm ====================>----------   68% |  ETA: 14s
    fitting model SL.glm ======================>--------   75% |  ETA: 11s
    fitting model SL.glm =========================>-----   82% |  ETA:  8s
    fitting model SL.glm ===========================>---   89% |  ETA:  5s
    fitting model SL.glm =============================>-   96% |  ETA:  2s
    [ FAIL 2 | WARN 0 | SKIP 0 | PASS 38 ]
    
    ══ Failed tests ════════════════════════════════════════════════════════════════
    ── Failure ('test-05-plot_curve.R:11:3'): output ───────────────────────────────
    plot_curve(obj4)$plot_performance has type 'object', not 'list'.
    ── Failure ('test-05-plot_curve.R:12:3'): output ───────────────────────────────
    plot_curve(obj4)$plot_time has type 'object', not 'list'.
    
    [ FAIL 2 | WARN 0 | SKIP 0 | PASS 38 ]
    Error: Test failures
    Execution halted
Flavor: r-devel-linux-x86_64-fedora-gcc
Version: 0.1.0
Check: tests
Result: ERROR
    Running 'spelling.R' [0s]
    Running 'testthat.R' [41s]
  Running the tests in 'tests/testthat.R' failed.
  Complete output:
    > # This file is part of the standard setup for testthat.
    > # It is recommended that you do not modify it.
    > #
    > # Where should you do additional test configuration?
    > # Learn more about the roles of various files in:
    > # * https://r-pkgs.org/testing-design.html#sec-tests-files-overview
    > # * https://testthat.r-lib.org/articles/special-files.html
    > 
    > library(testthat)
    > library(tradeoffaucdim)
    Loading required package: SuperLearner
    Loading required package: nnls
    Loading required package: gam
    Loading required package: splines
    Loading required package: foreach
    Loaded gam 1.22-6
    
    Super Learner
    Version: 2.0-29
    Package created on 2024-02-06
    
    > 
    > test_check("tradeoffaucdim" )
    fitting model SL.glm =====>-------------------------   16% |  ETA: 13s
    fitting model SL.glm ==========>--------------------   34% |  ETA: 10s
    fitting model SL.glm ================>--------------   52% |  ETA:  8s
    fitting model SL.glm =====================>---------   69% |  ETA:  5s
    fitting model SL.glm =========================>-----   84% |  ETA:  3s
    fitting model SL.glm ==============================>  100% |  ETA:  0s
    [ FAIL 2 | WARN 0 | SKIP 0 | PASS 38 ]
    
    ══ Failed tests ════════════════════════════════════════════════════════════════
    ── Failure ('test-05-plot_curve.R:11:3'): output ───────────────────────────────
    plot_curve(obj4)$plot_performance has type 'object', not 'list'.
    ── Failure ('test-05-plot_curve.R:12:3'): output ───────────────────────────────
    plot_curve(obj4)$plot_time has type 'object', not 'list'.
    
    [ FAIL 2 | WARN 0 | SKIP 0 | PASS 38 ]
    Error: Test failures
    Execution halted
Flavor: r-devel-windows-x86_64
Version: 0.1.0
Check: tests
Result: ERROR
    Running ‘spelling.R’ [0s/1s]
    Running ‘testthat.R’ [54s/65s]
  Running the tests in ‘tests/testthat.R’ failed.
  Complete output:
    > # This file is part of the standard setup for testthat.
    > # It is recommended that you do not modify it.
    > #
    > # Where should you do additional test configuration?
    > # Learn more about the roles of various files in:
    > # * https://r-pkgs.org/testing-design.html#sec-tests-files-overview
    > # * https://testthat.r-lib.org/articles/special-files.html
    > 
    > library(testthat)
    > library(tradeoffaucdim)
    Loading required package: SuperLearner
    Loading required package: nnls
    Loading required package: gam
    Loading required package: splines
    Loading required package: foreach
    Loaded gam 1.22-6
    
    Super Learner
    Version: 2.0-29
    Package created on 2024-02-06
    
    > 
    > test_check("tradeoffaucdim" )
    fitting model SL.glm ===>---------------------------   10% |  ETA: 21s
    fitting model SL.glm =======>-----------------------   22% |  ETA: 18s
    fitting model SL.glm ==========>--------------------   35% |  ETA: 16s
    fitting model SL.glm =============>-----------------   45% |  ETA: 14s
    fitting model SL.glm =================>-------------   56% |  ETA: 11s
    fitting model SL.glm ====================>----------   67% |  ETA:  8s
    fitting model SL.glm =======================>-------   76% |  ETA:  7s
    fitting model SL.glm =========================>-----   84% |  ETA:  4s
    fitting model SL.glm ============================>--   94% |  ETA:  2s
    [ FAIL 2 | WARN 0 | SKIP 0 | PASS 38 ]
    
    ══ Failed tests ════════════════════════════════════════════════════════════════
    ── Failure ('test-05-plot_curve.R:11:3'): output ───────────────────────────────
    plot_curve(obj4)$plot_performance has type 'object', not 'list'.
    ── Failure ('test-05-plot_curve.R:12:3'): output ───────────────────────────────
    plot_curve(obj4)$plot_time has type 'object', not 'list'.
    
    [ FAIL 2 | WARN 0 | SKIP 0 | PASS 38 ]
    Error: Test failures
    Execution halted
Flavor: r-patched-linux-x86_64
Version: 0.1.0
Check: tests
Result: ERROR
    Running ‘spelling.R’ [0s/0s]
    Running ‘testthat.R’ [54s/66s]
  Running the tests in ‘tests/testthat.R’ failed.
  Complete output:
    > # This file is part of the standard setup for testthat.
    > # It is recommended that you do not modify it.
    > #
    > # Where should you do additional test configuration?
    > # Learn more about the roles of various files in:
    > # * https://r-pkgs.org/testing-design.html#sec-tests-files-overview
    > # * https://testthat.r-lib.org/articles/special-files.html
    > 
    > library(testthat)
    > library(tradeoffaucdim)
    Loading required package: SuperLearner
    Loading required package: nnls
    Loading required package: gam
    Loading required package: splines
    Loading required package: foreach
    Loaded gam 1.22-6
    
    Super Learner
    Version: 2.0-29
    Package created on 2024-02-06
    
    > 
    > test_check("tradeoffaucdim" )
    fitting model SL.glm ===>---------------------------   12% |  ETA: 21s
    fitting model SL.glm =======>-----------------------   24% |  ETA: 18s
    fitting model SL.glm ===========>-------------------   37% |  ETA: 15s
    fitting model SL.glm ==============>----------------   47% |  ETA: 13s
    fitting model SL.glm =================>-------------   55% |  ETA: 12s
    fitting model SL.glm ====================>----------   66% |  ETA:  9s
    fitting model SL.glm ======================>--------   73% |  ETA:  8s
    fitting model SL.glm ========================>------   82% |  ETA:  5s
    fitting model SL.glm ===========================>---   91% |  ETA:  3s
    [ FAIL 2 | WARN 0 | SKIP 0 | PASS 38 ]
    
    ══ Failed tests ════════════════════════════════════════════════════════════════
    ── Failure ('test-05-plot_curve.R:11:3'): output ───────────────────────────────
    plot_curve(obj4)$plot_performance has type 'object', not 'list'.
    ── Failure ('test-05-plot_curve.R:12:3'): output ───────────────────────────────
    plot_curve(obj4)$plot_time has type 'object', not 'list'.
    
    [ FAIL 2 | WARN 0 | SKIP 0 | PASS 38 ]
    Error: Test failures
    Execution halted
Flavor: r-release-linux-x86_64
Version: 0.1.0
Check: tests
Result: ERROR
    Running 'spelling.R' [0s]
    Running 'testthat.R' [41s]
  Running the tests in 'tests/testthat.R' failed.
  Complete output:
    > # This file is part of the standard setup for testthat.
    > # It is recommended that you do not modify it.
    > #
    > # Where should you do additional test configuration?
    > # Learn more about the roles of various files in:
    > # * https://r-pkgs.org/testing-design.html#sec-tests-files-overview
    > # * https://testthat.r-lib.org/articles/special-files.html
    > 
    > library(testthat)
    > library(tradeoffaucdim)
    Loading required package: SuperLearner
    Loading required package: nnls
    Loading required package: gam
    Loading required package: splines
    Loading required package: foreach
    Loaded gam 1.22-6
    
    Super Learner
    Version: 2.0-29
    Package created on 2024-02-06
    
    > 
    > test_check("tradeoffaucdim" )
    fitting model SL.glm ======>------------------------   19% |  ETA: 12s
    fitting model SL.glm ===========>-------------------   36% |  ETA: 10s
    fitting model SL.glm ================>--------------   54% |  ETA:  8s
    fitting model SL.glm =====================>---------   71% |  ETA:  5s
    fitting model SL.glm ==========================>----   86% |  ETA:  2s
    [ FAIL 2 | WARN 0 | SKIP 0 | PASS 38 ]
    
    ══ Failed tests ════════════════════════════════════════════════════════════════
    ── Failure ('test-05-plot_curve.R:11:3'): output ───────────────────────────────
    plot_curve(obj4)$plot_performance has type 'object', not 'list'.
    ── Failure ('test-05-plot_curve.R:12:3'): output ───────────────────────────────
    plot_curve(obj4)$plot_time has type 'object', not 'list'.
    
    [ FAIL 2 | WARN 0 | SKIP 0 | PASS 38 ]
    Error: Test failures
    Execution halted
Flavor: r-release-windows-x86_64
Version: 0.1.0
Check: tests
Result: ERROR
    Running 'spelling.R' [0s]
    Running 'testthat.R' [63s]
  Running the tests in 'tests/testthat.R' failed.
  Complete output:
    > # This file is part of the standard setup for testthat.
    > # It is recommended that you do not modify it.
    > #
    > # Where should you do additional test configuration?
    > # Learn more about the roles of various files in:
    > # * https://r-pkgs.org/testing-design.html#sec-tests-files-overview
    > # * https://testthat.r-lib.org/articles/special-files.html
    > 
    > library(testthat)
    > library(tradeoffaucdim)
    Loading required package: SuperLearner
    Loading required package: nnls
    Loading required package: gam
    Loading required package: splines
    Loading required package: foreach
    Loaded gam 1.22-6
    
    Super Learner
    Version: 2.0-29
    Package created on 2024-02-06
    
    > 
    > test_check("tradeoffaucdim" )
    fitting model SL.glm =====>-------------------------   16% |  ETA: 19s
    fitting model SL.glm ========>----------------------   27% |  ETA: 18s
    fitting model SL.glm ===========>-------------------   37% |  ETA: 16s
    fitting model SL.glm ==============>----------------   45% |  ETA: 15s
    fitting model SL.glm ================>--------------   55% |  ETA: 13s
    fitting model SL.glm ===================>-----------   65% |  ETA: 10s
    fitting model SL.glm ======================>--------   72% |  ETA:  8s
    fitting model SL.glm ========================>------   81% |  ETA:  6s
    fitting model SL.glm ===========================>---   91% |  ETA:  3s
    [ FAIL 2 | WARN 0 | SKIP 0 | PASS 38 ]
    
    ══ Failed tests ════════════════════════════════════════════════════════════════
    ── Failure ('test-05-plot_curve.R:11:3'): output ───────────────────────────────
    plot_curve(obj4)$plot_performance has type 'object', not 'list'.
    ── Failure ('test-05-plot_curve.R:12:3'): output ───────────────────────────────
    plot_curve(obj4)$plot_time has type 'object', not 'list'.
    
    [ FAIL 2 | WARN 0 | SKIP 0 | PASS 38 ]
    Error: Test failures
    Execution halted
Flavor: r-oldrel-windows-x86_64
These binaries (installable software) and packages are in development.
They may not be fully stable and should be used with caution. We make no claims about them.
Health stats visible at Monitor.