Last updated on 2025-05-07 20:50:00 CEST.
Flavor | Version | Tinstall | Tcheck | Ttotal | Status | Flags |
---|---|---|---|---|---|---|
r-devel-linux-x86_64-debian-clang | 1.0 | 7.07 | 60.42 | 67.49 | NOTE | |
r-devel-linux-x86_64-debian-gcc | 1.0 | 5.55 | 43.53 | 49.08 | NOTE | |
r-devel-linux-x86_64-fedora-clang | 1.0 | 113.98 | OK | |||
r-devel-linux-x86_64-fedora-gcc | 1.0 | 99.87 | OK | |||
r-devel-windows-x86_64 | 1.0 | 10.00 | 72.00 | 82.00 | OK | |
r-patched-linux-x86_64 | 1.0 | 7.77 | 56.75 | 64.52 | OK | |
r-release-linux-x86_64 | 1.0 | 7.03 | 57.74 | 64.77 | OK | |
r-release-macos-arm64 | 1.0 | 39.00 | OK | |||
r-release-macos-x86_64 | 1.0 | 61.00 | OK | |||
r-release-windows-x86_64 | 1.0 | 9.00 | 74.00 | 83.00 | OK | |
r-oldrel-macos-arm64 | 1.0 | 30.00 | OK | |||
r-oldrel-macos-x86_64 | 1.0 | 47.00 | OK | |||
r-oldrel-windows-x86_64 | 1.0 | 11.00 | 89.00 | 100.00 | OK |
Version: 1.0
Check: CRAN incoming feasibility
Result: NOTE
Maintainer: ‘Ronja Foraita <foraita@leibniz-bips.de>’
The Description field contains
<arXiv:2108.13395> provide a guide how to use tpc to analyse cohort
Please refer to arXiv e-prints via their arXiv DOI <doi:10.48550/arXiv.YYMM.NNNNN>.
Flavors: r-devel-linux-x86_64-debian-clang, r-devel-linux-x86_64-debian-gcc
These binaries (installable software) and packages are in development.
They may not be fully stable and should be used with caution. We make no claims about them.
Health stats visible at Monitor.