CRAN Package Check Results for Package torchopt

Last updated on 2025-05-17 17:49:36 CEST.

Flavor Version Tinstall Tcheck Ttotal Status Flags
r-devel-linux-x86_64-debian-clang 0.1.4 5.30 82.88 88.18 NOTE
r-devel-linux-x86_64-debian-gcc 0.1.4 3.96 57.41 61.37 NOTE
r-devel-linux-x86_64-fedora-clang 0.1.4 147.88 OK
r-devel-linux-x86_64-fedora-gcc 0.1.4 144.60 OK
r-devel-windows-x86_64 0.1.4 6.00 88.00 94.00 OK
r-patched-linux-x86_64 0.1.4 7.15 80.75 87.90 OK
r-release-linux-x86_64 0.1.4 6.35 81.83 88.18 OK
r-release-macos-arm64 0.1.4 51.00 OK
r-release-macos-x86_64 0.1.4 83.00 OK
r-release-windows-x86_64 0.1.4 6.00 88.00 94.00 OK
r-oldrel-macos-arm64 0.1.4 23.00 OK
r-oldrel-macos-x86_64 0.1.4 34.00 OK
r-oldrel-windows-x86_64 0.1.4 11.00 109.00 120.00 OK

Check Details

Version: 0.1.4
Check: CRAN incoming feasibility
Result: NOTE Maintainer: ‘Gilberto Camara <gilberto.camara.inpe@gmail.com>’ The Description field contains (a) 'adabelief' by Zhuang et al (2020), <arXiv:2010.07468>; (b) 'adabound' by Luo et al.(2019), <arXiv:1902.09843>; (c) 'adahessian' by Yao et al.(2021) <arXiv:2006.00719>; (d) 'adamw' by Loshchilov & Hutter (2019), <arXiv:1711.05101>; (e) 'madgrad' by Defazio and Jelassi (2021), <arXiv:2101.11075>; (f) 'nadam' by Dozat (2019), Ma and Yarats(2019), <arXiv:1810.06801>; (h) 'radam' by Liu et al. (2019), <arXiv:1908.03265>; (i) 'swats' by Shekar and Sochee (2018), <arXiv:1712.07628>; (j) 'yogi' by Zaheer et al.(2019), Please refer to arXiv e-prints via their arXiv DOI <doi:10.48550/arXiv.YYMM.NNNNN>. Flavors: r-devel-linux-x86_64-debian-clang, r-devel-linux-x86_64-debian-gcc

These binaries (installable software) and packages are in development.
They may not be fully stable and should be used with caution. We make no claims about them.
Health stats visible at Monitor.