Last updated on 2024-05-02 11:51:38 CEST.
Flavor | Version | Tinstall | Tcheck | Ttotal | Status | Flags |
---|---|---|---|---|---|---|
r-devel-linux-x86_64-debian-clang | 0.12.0 | 1000.56 | 362.29 | 1362.85 | OK | |
r-devel-linux-x86_64-debian-gcc | 0.12.0 | 951.23 | 264.56 | 1215.79 | OK | |
r-devel-linux-x86_64-fedora-clang | 0.12.0 | 1754.59 | NOTE | |||
r-devel-linux-x86_64-fedora-gcc | 0.12.0 | 2233.68 | OK | |||
r-devel-windows-x86_64 | 0.12.0 | 826.00 | 587.00 | 1413.00 | NOTE | |
r-patched-linux-x86_64 | 0.12.0 | 1093.07 | 352.35 | 1445.42 | OK | |
r-release-linux-x86_64 | 0.12.0 | 1109.59 | 352.25 | 1461.84 | OK | |
r-release-macos-arm64 | 0.12.0 | 439.00 | NOTE | |||
r-release-windows-x86_64 | 0.12.0 | 864.00 | 583.00 | 1447.00 | NOTE | |
r-oldrel-macos-arm64 | 0.12.0 | 460.00 | NOTE | |||
r-oldrel-macos-x86_64 | 0.12.0 | 754.00 | NOTE | |||
r-oldrel-windows-x86_64 | 0.12.0 | 1076.00 | 735.00 | 1811.00 | NOTE |
Version: 0.12.0
Check: installed package size
Result: NOTE
installed size is 35.9Mb
sub-directories of 1Mb or more:
R 5.6Mb
help 1.7Mb
include 1.8Mb
libs 26.2Mb
Flavors: r-devel-linux-x86_64-fedora-clang, r-devel-windows-x86_64, r-release-macos-arm64, r-release-windows-x86_64, r-oldrel-macos-arm64, r-oldrel-macos-x86_64, r-oldrel-windows-x86_64
These binaries (installable software) and packages are in development.
They may not be fully stable and should be used with caution. We make no claims about them.
Health stats visible at Monitor.