Last updated on 2024-05-02 13:50:18 CEST.
Flavor | Version | Tinstall | Tcheck | Ttotal | Status | Flags |
---|---|---|---|---|---|---|
r-devel-linux-x86_64-debian-clang | 0.1.1 | 507.27 | 28.75 | 536.02 | NOTE | |
r-devel-linux-x86_64-debian-gcc | 0.1.1 | 396.00 | 22.16 | 418.16 | NOTE | |
r-devel-linux-x86_64-fedora-clang | 0.1.1 | 745.38 | NOTE | |||
r-devel-linux-x86_64-fedora-gcc | 0.1.1 | 712.00 | NOTE | |||
r-devel-windows-x86_64 | 0.1.1 | 66.00 | 110.00 | 176.00 | NOTE | |
r-patched-linux-x86_64 | 0.1.1 | 500.60 | 27.96 | 528.56 | OK | |
r-release-linux-x86_64 | 0.1.1 | 499.75 | 27.77 | 527.52 | OK | |
r-release-macos-arm64 | 0.1.1 | 117.00 | NOTE | |||
r-release-windows-x86_64 | 0.1.1 | 64.00 | 116.00 | 180.00 | NOTE | |
r-oldrel-macos-arm64 | 0.1.1 | 131.00 | NOTE | |||
r-oldrel-macos-x86_64 | 0.1.1 | 138.00 | NOTE | |||
r-oldrel-windows-x86_64 | 0.1.1 | 69.00 | 140.00 | 209.00 | NOTE |
Version: 0.1.1
Check: compiled code
Result: NOTE
File ‘tok/libs/tok.so’:
Found non-API calls to R: ‘SET_ENCLOS’, ‘SET_ENVFLAGS’, ‘SET_PRCODE’,
‘SET_PRENV’, ‘SET_PRVALUE’
Compiled code should not call non-API entry points in R.
See ‘Writing portable packages’ in the ‘Writing R Extensions’ manual.
Flavors: r-devel-linux-x86_64-debian-clang, r-devel-linux-x86_64-debian-gcc, r-devel-linux-x86_64-fedora-clang, r-devel-linux-x86_64-fedora-gcc
Version: 0.1.1
Check: installed package size
Result: NOTE
installed size is 13.2Mb
sub-directories of 1Mb or more:
libs 13.0Mb
Flavors: r-devel-linux-x86_64-fedora-clang, r-devel-windows-x86_64, r-release-macos-arm64, r-release-windows-x86_64, r-oldrel-macos-arm64, r-oldrel-macos-x86_64, r-oldrel-windows-x86_64
Version: 0.1.1
Check: compiled code
Result: NOTE
File 'tok/libs/x64/tok.dll':
Found non-API calls to R: 'SET_ENCLOS', 'SET_ENVFLAGS', 'SET_PRCODE',
'SET_PRENV', 'SET_PRVALUE'
Compiled code should not call non-API entry points in R.
See 'Writing portable packages' in the 'Writing R Extensions' manual.
Flavor: r-devel-windows-x86_64
These binaries (installable software) and packages are in development.
They may not be fully stable and should be used with caution. We make no claims about them.
Health stats visible at Monitor.