CRAN Package Check Results for Package tmvtnsim

Last updated on 2025-10-09 15:50:26 CEST.

Flavor Version Tinstall Tcheck Ttotal Status Flags
r-devel-linux-x86_64-debian-clang 0.1.3 32.86 25.70 58.56 WARN
r-devel-linux-x86_64-debian-gcc 0.1.4 21.17 22.33 43.50 OK
r-devel-linux-x86_64-fedora-clang 0.1.4 117.53 OK
r-devel-linux-x86_64-fedora-gcc 0.1.4 106.49 OK
r-devel-windows-x86_64 0.1.4 37.00 63.00 100.00 OK
r-patched-linux-x86_64 0.1.4 32.71 26.18 58.89 OK
r-release-linux-x86_64 0.1.3 32.99 24.45 57.44 NOTE
r-release-macos-arm64 0.1.4 29.00 OK
r-release-macos-x86_64 0.1.4 71.00 OK
r-release-windows-x86_64 0.1.3 38.00 65.00 103.00 NOTE
r-oldrel-macos-arm64 0.1.4 32.00 OK
r-oldrel-macos-x86_64 0.1.4 73.00 OK
r-oldrel-windows-x86_64 0.1.4 37.00 75.00 112.00 OK

Check Details

Version: 0.1.3
Check: CRAN incoming feasibility
Result: NOTE Maintainer: ‘Kaifeng Lu <kaifenglu@gmail.com>’ No Authors@R field in DESCRIPTION. Please add one, modifying Authors@R: person(given = "Kaifeng", family = "Lu", role = c("aut", "cre"), email = "kaifenglu@gmail.com") as necessary. Flavor: r-devel-linux-x86_64-debian-clang

Version: 0.1.3
Check: whether package can be installed
Result: WARN Found the following significant warnings: /home/hornik/tmp/R.check/r-devel-clang/Work/build/Packages/RcppArmadillo/include/RcppArmadillo/version/arma.h:66:17: warning: Using fallback compilation with Armadillo 14.6.3. Please consider defining -DARMA_USE_CURRENT and also removing C++11 compilation directive. See GitHub issue #475 for more. [-W#pragma-messages] See ‘/home/hornik/tmp/R.check/r-devel-clang/Work/PKGS/tmvtnsim.Rcheck/00install.out’ for details. * used C++ compiler: ‘Debian clang version 19.1.7 (7)’ Flavor: r-devel-linux-x86_64-debian-clang

Version: 0.1.3
Check: C++ specification
Result: NOTE Specified C++11: please drop specification unless essential Flavors: r-devel-linux-x86_64-debian-clang, r-release-linux-x86_64, r-release-windows-x86_64

These binaries (installable software) and packages are in development.
They may not be fully stable and should be used with caution. We make no claims about them.
Health stats visible at Monitor.