Last updated on 2024-05-02 04:00:38 CEST.
Flavor | Version | Tinstall | Tcheck | Ttotal | Status | Flags |
---|---|---|---|---|---|---|
r-devel-linux-x86_64-debian-clang | 2.0.0 | 12.78 | 93.13 | 105.91 | NOTE | |
r-devel-linux-x86_64-debian-gcc | 2.0.0 | 8.57 | 67.12 | 75.69 | NOTE | |
r-devel-linux-x86_64-fedora-clang | 2.0.0 | 126.19 | NOTE | |||
r-devel-linux-x86_64-fedora-gcc | 2.0.0 | 121.69 | NOTE | |||
r-devel-windows-x86_64 | 2.0.0 | 10.00 | 81.00 | 91.00 | NOTE | |
r-patched-linux-x86_64 | 2.0.0 | 13.55 | 84.58 | 98.13 | NOTE | |
r-release-linux-x86_64 | 2.0.0 | 10.62 | 85.15 | 95.77 | NOTE | |
r-release-macos-arm64 | 2.0.0 | 37.00 | NOTE | |||
r-release-windows-x86_64 | 2.0.0 | 10.00 | 81.00 | 91.00 | NOTE | |
r-oldrel-macos-arm64 | 2.0.0 | 38.00 | OK | |||
r-oldrel-macos-x86_64 | 2.0.0 | 75.00 | OK | |||
r-oldrel-windows-x86_64 | 2.0.0 | 14.00 | 98.00 | 112.00 | OK |
Version: 2.0.0
Check: Rd files
Result: NOTE
checkRd: (-1) estimateQ.Rd:22: Lost braces
22 | \item{SL.library}{specification of prediction algorithms, default is {(\sQuote{SL.glm}, \sQuote{SL.glmnet}, \sQuote{tmle.SL.dbarts2})}. In practice, including more prediction algorithms in the library improves results.}
| ^
checkRd: (-1) tmle.Sl.dbarts2.Rd:26: Lost braces
26 | \item{id}{id}{id to group observations, not used}
| ^
checkRd: (-1) tmle.Sl.dbarts2.Rd:51: Lost braces
51 | {object}{an object of type tmle.SL.dbarts2 used internally by \code{Super Learner}}
| ^
Flavors: r-devel-linux-x86_64-debian-clang, r-devel-linux-x86_64-debian-gcc, r-devel-linux-x86_64-fedora-clang, r-devel-linux-x86_64-fedora-gcc, r-devel-windows-x86_64, r-patched-linux-x86_64, r-release-linux-x86_64, r-release-macos-arm64, r-release-windows-x86_64
These binaries (installable software) and packages are in development.
They may not be fully stable and should be used with caution. We make no claims about them.
Health stats visible at Monitor.