Last updated on 2025-02-23 15:50:00 CET.
Flavor | Version | Tinstall | Tcheck | Ttotal | Status | Flags |
---|---|---|---|---|---|---|
r-devel-linux-x86_64-debian-clang | 0.1.2 | 44.13 | 32.68 | 76.81 | NOTE | |
r-devel-linux-x86_64-debian-gcc | 0.1.2 | 36.21 | 25.52 | 61.73 | NOTE | |
r-devel-linux-x86_64-fedora-clang | 0.1.2 | 131.08 | WARN | |||
r-devel-linux-x86_64-fedora-gcc | 0.1.2 | 120.82 | NOTE | |||
r-devel-macos-arm64 | 0.1.2 | 60.00 | NOTE | |||
r-devel-macos-x86_64 | 0.1.2 | 100.00 | NOTE | |||
r-devel-windows-x86_64 | 0.1.2 | 48.00 | 66.00 | 114.00 | NOTE | |
r-patched-linux-x86_64 | 0.1.2 | 42.95 | 31.94 | 74.89 | NOTE | |
r-release-linux-x86_64 | 0.1.2 | 43.66 | 33.37 | 77.03 | NOTE | |
r-release-macos-arm64 | 0.1.2 | 58.00 | NOTE | |||
r-release-macos-x86_64 | 0.1.2 | 71.00 | NOTE | |||
r-release-windows-x86_64 | 0.1.2 | 48.00 | 66.00 | 114.00 | NOTE | |
r-oldrel-macos-arm64 | 0.1.2 | 68.00 | NOTE | |||
r-oldrel-macos-x86_64 | 0.1.2 | 86.00 | NOTE | |||
r-oldrel-windows-x86_64 | 0.1.2 | 58.00 | 88.00 | 146.00 | NOTE |
Version: 0.1.2
Check: C++ specification
Result: NOTE
Specified C++14: please drop specification unless essential
Flavors: r-devel-linux-x86_64-debian-clang, r-devel-linux-x86_64-debian-gcc, r-devel-linux-x86_64-fedora-clang, r-devel-linux-x86_64-fedora-gcc, r-devel-macos-arm64, r-devel-macos-x86_64, r-devel-windows-x86_64, r-patched-linux-x86_64, r-release-linux-x86_64, r-release-macos-arm64, r-release-macos-x86_64, r-release-windows-x86_64, r-oldrel-macos-arm64, r-oldrel-macos-x86_64, r-oldrel-windows-x86_64
Version: 0.1.2
Check: whether package can be installed
Result: WARN
Found the following significant warnings:
/data/gannet/ripley/R/test-clang/cpp11/include/cpp11/R.hpp:52:31: warning: identifier '_xl' preceded by whitespace in a literal operator declaration is deprecated [-Wdeprecated-literal-operator]
/data/gannet/ripley/R/test-clang/cpp11/include/cpp11/named_arg.hpp:42:29: warning: identifier '_nm' preceded by whitespace in a literal operator declaration is deprecated [-Wdeprecated-literal-operator]
See ‘/data/gannet/ripley/R/packages/tests-clang/tipitaka.Rcheck/00install.out’ for details.
* used C++ compiler: ‘clang version 20.1.0-rc2’
Flavor: r-devel-linux-x86_64-fedora-clang
Version: 0.1.2
Check: dependencies in R code
Result: NOTE
Namespaces in Imports field not imported from:
‘cpp11’ ‘dplyr’ ‘magrittr’ ‘stringi’
All declared Imports should be used.
Flavors: r-devel-linux-x86_64-fedora-clang, r-devel-linux-x86_64-fedora-gcc
Version: 0.1.2
Check: installed package size
Result: NOTE
installed size is 6.9Mb
sub-directories of 1Mb or more:
data 6.1Mb
Flavors: r-release-macos-arm64, r-release-macos-x86_64, r-release-windows-x86_64, r-oldrel-macos-arm64, r-oldrel-macos-x86_64, r-oldrel-windows-x86_64
These binaries (installable software) and packages are in development.
They may not be fully stable and should be used with caution. We make no claims about them.
Health stats visible at Monitor.