Last updated on 2025-02-08 19:49:33 CET.
Flavor | Version | Tinstall | Tcheck | Ttotal | Status | Flags |
---|---|---|---|---|---|---|
r-devel-linux-x86_64-debian-clang | 0.3.0 | 6.85 | 45.37 | 52.22 | OK | |
r-devel-linux-x86_64-debian-gcc | 0.3.0 | 4.42 | 30.88 | 35.30 | OK | |
r-devel-linux-x86_64-fedora-clang | 0.3.0 | 88.60 | OK | |||
r-devel-linux-x86_64-fedora-gcc | 0.3.0 | 84.01 | OK | |||
r-devel-windows-x86_64 | 0.3.0 | 9.00 | 69.00 | 78.00 | OK | |
r-patched-linux-x86_64 | 0.3.0 | 7.93 | 42.87 | 50.80 | OK | |
r-release-linux-x86_64 | 0.2.1 | 4.38 | 29.70 | 34.08 | OK | |
r-release-macos-arm64 | 0.3.0 | 36.00 | OK | |||
r-release-macos-x86_64 | 0.3.0 | 64.00 | OK | |||
r-release-windows-x86_64 | 0.3.0 | 9.00 | 67.00 | 76.00 | OK | |
r-oldrel-macos-arm64 | 0.2.1 | 25.00 | OK | |||
r-oldrel-macos-x86_64 | 0.2.1 | 61.00 | OK | |||
r-oldrel-windows-x86_64 | 0.3.0 | 10.00 | 73.00 | 83.00 | WARN |
Version: 0.3.0
Check: whether package can be installed
Result: WARN
Found the following significant warnings:
Warning: type_boxplot.Rd:35: unknown macro '\abbr'
Flavor: r-oldrel-windows-x86_64
Version: 0.3.0
Check: Rd files
Result: WARN
prepare_Rd: type_boxplot.Rd:35: unknown macro '\abbr'
Flavor: r-oldrel-windows-x86_64
These binaries (installable software) and packages are in development.
They may not be fully stable and should be used with caution. We make no claims about them.
Health stats visible at Monitor.