Last updated on 2025-07-27 05:48:47 CEST.
Flavor | Version | Tinstall | Tcheck | Ttotal | Status | Flags |
---|---|---|---|---|---|---|
r-devel-linux-x86_64-debian-clang | 1.2.0 | 237.31 | 554.13 | 791.44 | OK | |
r-devel-linux-x86_64-debian-gcc | 1.2.0 | 200.86 | 444.09 | 644.95 | OK | |
r-devel-linux-x86_64-fedora-clang | 1.2.0 | 1191.05 | OK | |||
r-devel-linux-x86_64-fedora-gcc | 1.2.0 | 1431.36 | OK | |||
r-devel-windows-x86_64 | 1.2.0 | 229.00 | 594.00 | 823.00 | OK | |
r-patched-linux-x86_64 | 1.2.0 | 250.65 | 585.05 | 835.70 | OK | |
r-release-linux-x86_64 | 1.2.0 | 246.36 | 582.30 | 828.66 | OK | |
r-release-macos-arm64 | 1.1.1 | 232.00 | OK | |||
r-release-macos-x86_64 | 1.2.0 | 390.00 | OK | |||
r-release-windows-x86_64 | 1.2.0 | 226.00 | 612.00 | 838.00 | OK | |
r-oldrel-macos-arm64 | 1.1.1 | 258.00 | NOTE | |||
r-oldrel-macos-x86_64 | 1.2.0 | 406.00 | NOTE | |||
r-oldrel-windows-x86_64 | 1.2.0 | 304.00 | 770.00 | 1074.00 | NOTE |
Version: 1.1.1
Check: installed package size
Result: NOTE
installed size is 101.3Mb
sub-directories of 1Mb or more:
data 2.3Mb
libs 98.0Mb
Flavor: r-oldrel-macos-arm64
Version: 1.2.0
Check: installed package size
Result: NOTE
installed size is 105.2Mb
sub-directories of 1Mb or more:
data 2.3Mb
help 1.1Mb
libs 100.8Mb
Flavors: r-oldrel-macos-x86_64, r-oldrel-windows-x86_64
These binaries (installable software) and packages are in development.
They may not be fully stable and should be used with caution. We make no claims about them.
Health stats visible at Monitor.