Last updated on 2025-02-08 19:49:33 CET.
Flavor | Version | Tinstall | Tcheck | Ttotal | Status | Flags |
---|---|---|---|---|---|---|
r-devel-linux-x86_64-debian-clang | 1.0.0-1.1.2 | 6.53 | 64.83 | 71.36 | NOTE | |
r-devel-linux-x86_64-debian-gcc | 1.0.0-1.1.2 | 4.56 | 47.99 | 52.55 | NOTE | |
r-devel-linux-x86_64-fedora-clang | 1.0.0-1.1.2 | 119.20 | NOTE | |||
r-devel-linux-x86_64-fedora-gcc | 1.0.0-1.1.2 | 120.56 | NOTE | |||
r-devel-windows-x86_64 | 1.0.0-1.1.2 | 9.00 | 92.00 | 101.00 | NOTE | |
r-patched-linux-x86_64 | 1.0.0-1.1.2 | 7.24 | 59.53 | 66.77 | NOTE | |
r-release-linux-x86_64 | 1.0.0-1.1.2 | 6.14 | 59.32 | 65.46 | NOTE | |
r-release-macos-arm64 | 1.0.0-1.1.2 | 42.00 | NOTE | |||
r-release-macos-x86_64 | 1.0.0-1.1.2 | 66.00 | NOTE | |||
r-release-windows-x86_64 | 1.0.0-1.1.2 | 8.00 | 93.00 | 101.00 | NOTE | |
r-oldrel-macos-arm64 | 1.0.0-1.1.2 | 48.00 | OK | |||
r-oldrel-macos-x86_64 | 1.0.0-1.1.2 | 68.00 | OK | |||
r-oldrel-windows-x86_64 | 1.0.0-1.1.2 | 10.00 | 107.00 | 117.00 | OK |
Version: 1.0.0-1.1.2
Check: Rd files
Result: NOTE
checkRd: (-1) setup_sql_functions.Rd:5: Lost braces; missing escapes or markup?
5 | \title{Install {timeseriesdb} System Functions}
| ^
checkRd: (-1) setup_sql_functions.Rd:17: Lost braces; missing escapes or markup?
17 | Installs functions needed to operated {timeseriesdb} in
| ^
checkRd: (-1) setup_sql_grant_rights.Rd:5: Lost braces; missing escapes or markup?
5 | \title{Grant execute on {timeseriesdb} functions}
| ^
checkRd: (-1) setup_sql_grant_rights.Rd:17: Lost braces; missing escapes or markup?
17 | Grant execute on {timeseriesdb} functions
| ^
checkRd: (-1) setup_sql_tables.Rd:5: Lost braces; missing escapes or markup?
5 | \title{Install {timeseriesdb} System Tables}
| ^
checkRd: (-1) setup_sql_tables.Rd:17: Lost braces; missing escapes or markup?
17 | Installs tables needed to operated {timeseriesdb} in
| ^
checkRd: (-1) setup_sql_triggers.Rd:5: Lost braces; missing escapes or markup?
5 | \title{Install {timeseriesdb} Triggers}
| ^
Flavors: r-devel-linux-x86_64-debian-clang, r-devel-linux-x86_64-debian-gcc, r-devel-linux-x86_64-fedora-clang, r-devel-linux-x86_64-fedora-gcc, r-devel-windows-x86_64, r-patched-linux-x86_64, r-release-linux-x86_64, r-release-macos-arm64, r-release-macos-x86_64, r-release-windows-x86_64
These binaries (installable software) and packages are in development.
They may not be fully stable and should be used with caution. We make no claims about them.
Health stats visible at Monitor.