Last updated on 2024-05-02 11:51:38 CEST.
Flavor | Version | Tinstall | Tcheck | Ttotal | Status | Flags |
---|---|---|---|---|---|---|
r-devel-linux-x86_64-debian-clang | 0.2.1 | 379.00 | 25.13 | 404.13 | NOTE | |
r-devel-linux-x86_64-debian-gcc | 0.2.1 | 316.82 | 19.28 | 336.10 | NOTE | |
r-devel-linux-x86_64-fedora-clang | 0.2.1 | 565.84 | NOTE | |||
r-devel-linux-x86_64-fedora-gcc | 0.2.1 | 522.04 | NOTE | |||
r-devel-windows-x86_64 | 0.2.1 | 29.00 | 73.00 | 102.00 | NOTE | |
r-patched-linux-x86_64 | 0.2.1 | 384.13 | 23.52 | 407.65 | OK | |
r-release-linux-x86_64 | 0.2.1 | 379.18 | 23.41 | 402.59 | OK | |
r-release-macos-arm64 | 0.2.1 | 37.00 | NOTE | |||
r-release-macos-x86_64 | 0.2.1 | 79.00 | NOTE | |||
r-release-windows-x86_64 | 0.2.1 | 29.00 | 74.00 | 103.00 | OK | |
r-oldrel-macos-arm64 | 0.2.1 | 55.00 | NOTE | |||
r-oldrel-macos-x86_64 | 0.2.1 | 79.00 | NOTE | |||
r-oldrel-windows-x86_64 | 0.2.1 | 34.00 | 83.00 | 117.00 | OK |
Version: 0.2.1
Check: compiled code
Result: NOTE
File ‘timeless/libs/timeless.so’:
Found non-API calls to R: ‘SET_ENCLOS’, ‘SET_ENVFLAGS’, ‘SET_PRCODE’,
‘SET_PRENV’, ‘SET_PRVALUE’
Compiled code should not call non-API entry points in R.
See ‘Writing portable packages’ in the ‘Writing R Extensions’ manual.
Flavors: r-devel-linux-x86_64-debian-clang, r-devel-linux-x86_64-debian-gcc, r-devel-linux-x86_64-fedora-clang, r-devel-linux-x86_64-fedora-gcc
Version: 0.2.1
Check: installed package size
Result: NOTE
installed size is 6.9Mb
sub-directories of 1Mb or more:
libs 6.7Mb
Flavors: r-devel-linux-x86_64-fedora-clang, r-release-macos-arm64, r-release-macos-x86_64, r-oldrel-macos-arm64, r-oldrel-macos-x86_64
Version: 0.2.1
Check: data for non-ASCII characters
Result: NOTE
Note: found 2 marked UTF-8 strings
Flavors: r-devel-linux-x86_64-fedora-clang, r-devel-linux-x86_64-fedora-gcc
Version: 0.2.1
Check: compiled code
Result: NOTE
File 'timeless/libs/x64/timeless.dll':
Found non-API calls to R: 'SET_ENCLOS', 'SET_ENVFLAGS', 'SET_PRCODE',
'SET_PRENV', 'SET_PRVALUE'
Compiled code should not call non-API entry points in R.
See 'Writing portable packages' in the 'Writing R Extensions' manual.
Flavor: r-devel-windows-x86_64
These binaries (installable software) and packages are in development.
They may not be fully stable and should be used with caution. We make no claims about them.
Health stats visible at Monitor.