CRAN Package Check Results for Package timeSeries

Last updated on 2025-10-30 21:49:05 CET.

Flavor Version Tinstall Tcheck Ttotal Status Flags
r-devel-linux-x86_64-debian-clang 4041.111 11.50 198.91 210.41 NOTE
r-devel-linux-x86_64-debian-gcc 4041.111 8.36 120.92 129.28 NOTE
r-devel-linux-x86_64-fedora-clang 4041.111 24.00 302.52 326.52 NOTE
r-devel-linux-x86_64-fedora-gcc 4041.111 70.00 293.52 363.52 NOTE
r-devel-windows-x86_64 4041.111 13.00 213.00 226.00 OK
r-patched-linux-x86_64 4041.111 13.42 195.64 209.06 OK
r-release-linux-x86_64 4041.111 11.32 195.52 206.84 OK
r-release-macos-arm64 4041.111 6.00 95.00 101.00 OK
r-release-macos-x86_64 4041.111 10.00 265.00 275.00 OK
r-release-windows-x86_64 4041.111 16.00 226.00 242.00 OK
r-oldrel-macos-arm64 4041.111 5.00 90.00 95.00 OK
r-oldrel-macos-x86_64 4041.111 14.00 282.00 296.00 OK
r-oldrel-windows-x86_64 4041.111 12.00 299.00 311.00 OK

Check Details

Version: 4041.111
Check: Rd files
Result: NOTE checkRd: (-1) timeSeries-deprecated.Rd:49-65: Only 2 columns allowed in this table (row 1 has 1) checkRd: (-1) timeSeries-deprecated.Rd:49-65: Only 2 columns allowed in this table (row 2 has 1) Flavors: r-devel-linux-x86_64-debian-clang, r-devel-linux-x86_64-debian-gcc, r-devel-linux-x86_64-fedora-clang, r-devel-linux-x86_64-fedora-gcc

These binaries (installable software) and packages are in development.
They may not be fully stable and should be used with caution. We make no claims about them.
Health stats visible at Monitor.