Last updated on 2025-02-23 15:50:00 CET.
Flavor | Version | Tinstall | Tcheck | Ttotal | Status | Flags |
---|---|---|---|---|---|---|
r-devel-linux-x86_64-debian-clang | 0.30.2 | 133.85 | 173.35 | 307.20 | NOTE | |
r-devel-linux-x86_64-debian-gcc | 0.30.2 | 105.31 | 104.61 | 209.92 | NOTE | |
r-devel-linux-x86_64-fedora-clang | 0.30.2 | 531.78 | NOTE | |||
r-devel-linux-x86_64-fedora-gcc | 0.30.2 | 548.42 | NOTE | |||
r-devel-macos-arm64 | 0.30.2 | 143.00 | OK | |||
r-devel-macos-x86_64 | 0.30.2 | 251.00 | NOTE | |||
r-devel-windows-x86_64 | 0.30.2 | 267.00 | 376.00 | 643.00 | OK | |
r-patched-linux-x86_64 | 0.30.2 | 143.58 | 162.54 | 306.12 | OK | |
r-release-linux-x86_64 | 0.30.2 | 146.12 | 165.72 | 311.84 | OK | |
r-release-macos-arm64 | 0.30.2 | 147.00 | NOTE | |||
r-release-macos-x86_64 | 0.30.2 | 265.00 | NOTE | |||
r-release-windows-x86_64 | 0.30.2 | 267.00 | 379.00 | 646.00 | NOTE | |
r-oldrel-macos-arm64 | 0.30.2 | 145.00 | NOTE | |||
r-oldrel-macos-x86_64 | 0.30.2 | 250.00 | NOTE | |||
r-oldrel-windows-x86_64 | 0.30.2 | 328.00 | 446.00 | 774.00 | NOTE |
Version: 0.30.2
Check: top-level files
Result: NOTE
possible bashism in configure.ac line 138 (test -a/-o):
if test ! -z "${with_tiledb}" -a x"${enable_building}" = x"yes"; then
possible bashism in configure.ac line 151 (test -a/-o):
if test ! -z "${with_tiledb}" -a x"${with_download}" = x"yes"; then
possible bashism in configure.ac line 257 (test -a/-o):
if test x"${machine}" = x"x86_64" && test x"${uname}" = x"Linux" -o x"${uname}" = x"Darwin"; then
Flavors: r-devel-linux-x86_64-debian-clang, r-devel-linux-x86_64-debian-gcc, r-devel-linux-x86_64-fedora-clang, r-devel-linux-x86_64-fedora-gcc
Version: 0.30.2
Check: package vignettes
Result: NOTE
Package vignettes without corresponding tangle output:
‘data-ingestion-from-sql.md’
‘documentation.md’
‘installation-options.md’
‘introduction.md’
‘tiledb-mariadb-examples.md’
Flavor: r-devel-macos-x86_64
Version: 0.30.2
Check: installed package size
Result: NOTE
installed size is 55.9Mb
sub-directories of 1Mb or more:
libs 16.2Mb
tiledb 37.1Mb
Flavors: r-release-macos-arm64, r-release-macos-x86_64, r-release-windows-x86_64, r-oldrel-macos-arm64, r-oldrel-macos-x86_64, r-oldrel-windows-x86_64
These binaries (installable software) and packages are in development.
They may not be fully stable and should be used with caution. We make no claims about them.
Health stats visible at Monitor.