Last updated on 2025-02-23 13:51:28 CET.
Flavor | Version | Tinstall | Tcheck | Ttotal | Status | Flags |
---|---|---|---|---|---|---|
r-devel-linux-x86_64-debian-clang | 0.3.2 | 4.86 | 44.91 | 49.77 | NOTE | |
r-devel-linux-x86_64-debian-gcc | 0.3.2 | 3.84 | 33.60 | 37.44 | NOTE | |
r-devel-linux-x86_64-fedora-clang | 0.3.2 | 83.65 | OK | |||
r-devel-linux-x86_64-fedora-gcc | 0.3.2 | 72.52 | OK | |||
r-devel-macos-arm64 | 0.3.2 | 25.00 | OK | |||
r-devel-macos-x86_64 | 0.3.2 | 47.00 | OK | |||
r-devel-windows-x86_64 | 0.3.2 | 8.00 | 71.00 | 79.00 | NOTE | |
r-patched-linux-x86_64 | 0.3.2 | 11.93 | 40.88 | 52.81 | OK | |
r-release-linux-x86_64 | 0.3.2 | 5.28 | 40.77 | 46.05 | OK | |
r-release-macos-arm64 | 0.3.2 | 24.00 | OK | |||
r-release-macos-x86_64 | 0.3.2 | 40.00 | OK | |||
r-release-windows-x86_64 | 0.3.2 | 8.00 | 70.00 | 78.00 | OK | |
r-oldrel-macos-arm64 | 0.3.2 | 26.00 | OK | |||
r-oldrel-macos-x86_64 | 0.3.2 | 39.00 | OK | |||
r-oldrel-windows-x86_64 | 0.3.2 | 9.00 | 81.00 | 90.00 | OK |
Version: 0.3.2
Check: Rd cross-references
Result: NOTE
Found the following Rd file(s) with Rd \link{} targets missing package
anchors:
are_true.Rd: as_logical
categorical_test_by.Rd: map_dfr
count_by.Rd: count
first_non_nas_at.Rd: select
first_which_non_na_at.Rd: select
format_numbers_at.Rd: mutate_at
format_p_values_at.Rd: mutate_at
lump_rows.Rd: summarise
order_factor_by.Rd: fct_reorder
pluck_vector.Rd: pluck, simplify
rename_factor.Rd: fct_recode, fct_relevel
rename_reorder_factor.Rd: fct_recode, fct_relevel
with_name.Rd: pluck, str_detect
with_value_containing.Rd: pluck, str_detect
Please provide package anchors for all Rd \link{} targets not in the
package itself and the base packages.
Flavors: r-devel-linux-x86_64-debian-clang, r-devel-linux-x86_64-debian-gcc, r-devel-windows-x86_64
These binaries (installable software) and packages are in development.
They may not be fully stable and should be used with caution. We make no claims about them.
Health stats visible at Monitor.