Last updated on 2024-05-02 11:51:38 CEST.
Flavor | Version | Tinstall | Tcheck | Ttotal | Status | Flags |
---|---|---|---|---|---|---|
r-devel-linux-x86_64-debian-clang | 1.1.3 | 516.63 | 107.51 | 624.14 | NOTE | |
r-devel-linux-x86_64-debian-gcc | 1.1.3 | 381.25 | 78.73 | 459.98 | NOTE | |
r-devel-linux-x86_64-fedora-clang | 1.1.3 | 900.03 | NOTE | |||
r-devel-linux-x86_64-fedora-gcc | 1.1.3 | 938.89 | NOTE | |||
r-devel-windows-x86_64 | 1.1.3 | 318.00 | 139.00 | 457.00 | NOTE | |
r-patched-linux-x86_64 | 1.1.3 | 334.17 | 101.34 | 435.51 | NOTE | |
r-release-linux-x86_64 | 1.1.3 | 340.78 | 99.78 | 440.56 | NOTE | |
r-release-macos-arm64 | 1.1.3 | 192.00 | NOTE | |||
r-release-windows-x86_64 | 1.1.3 | 313.00 | 143.00 | 456.00 | NOTE | |
r-oldrel-macos-arm64 | 1.1.3 | 267.00 | NOTE | |||
r-oldrel-macos-x86_64 | 1.1.3 | 464.00 | NOTE | |||
r-oldrel-windows-x86_64 | 1.1.3 | 418.00 | 172.00 | 590.00 | OK |
Version: 1.1.3
Check: Rd files
Result: NOTE
checkRd: (-1) get_tidysq_options.Rd:37: Lost braces
37 | \item tidysq_pillar_max_width [code{integer(1)}]\cr
| ^
checkRd: (-1) read_fasta.Rd:54-55: Lost braces in \itemize; \value handles \item{}{} directly
checkRd: (-1) read_fasta.Rd:56: Lost braces in \itemize; \value handles \item{}{} directly
Flavors: r-devel-linux-x86_64-debian-clang, r-devel-linux-x86_64-debian-gcc, r-devel-linux-x86_64-fedora-clang, r-devel-linux-x86_64-fedora-gcc, r-devel-windows-x86_64, r-patched-linux-x86_64, r-release-linux-x86_64, r-release-macos-arm64, r-release-windows-x86_64
Version: 1.1.3
Check: installed package size
Result: NOTE
installed size is 43.5Mb
sub-directories of 1Mb or more:
libs 42.7Mb
Flavors: r-release-macos-arm64, r-oldrel-macos-arm64, r-oldrel-macos-x86_64
These binaries (installable software) and packages are in development.
They may not be fully stable and should be used with caution. We make no claims about them.
Health stats visible at Monitor.