Last updated on 2024-05-02 11:51:38 CEST.
Flavor | Version | Tinstall | Tcheck | Ttotal | Status | Flags |
---|---|---|---|---|---|---|
r-devel-linux-x86_64-debian-clang | 1.0.7 | 9.81 | 277.55 | 287.36 | OK | |
r-devel-linux-x86_64-debian-gcc | 1.0.7 | 10.27 | 204.95 | 215.22 | OK | |
r-devel-linux-x86_64-fedora-clang | 1.0.7 | 362.05 | NOTE | |||
r-devel-linux-x86_64-fedora-gcc | 1.0.7 | 366.31 | NOTE | |||
r-devel-windows-x86_64 | 1.0.7 | 13.00 | 207.00 | 220.00 | OK | |
r-patched-linux-x86_64 | 1.0.7 | 18.26 | 264.34 | 282.60 | OK | |
r-release-linux-x86_64 | 1.0.7 | 11.80 | 261.44 | 273.24 | OK | |
r-release-macos-arm64 | 1.0.7 | 129.00 | NOTE | |||
r-release-windows-x86_64 | 1.0.7 | 12.00 | 212.00 | 224.00 | OK | |
r-oldrel-macos-arm64 | 1.0.7 | 144.00 | NOTE | |||
r-oldrel-macos-x86_64 | 1.0.7 | 206.00 | OK | |||
r-oldrel-windows-x86_64 | 1.0.7 | 16.00 | 254.00 | 270.00 | OK |
Version: 1.0.7
Check: package dependencies
Result: NOTE
Imports includes 23 non-default packages.
Importing from so many packages makes the package vulnerable to any of
them becoming unavailable. Move as many as possible to Suggests and
use conditionally.
Flavor: r-devel-linux-x86_64-fedora-clang
Version: 1.0.7
Check: dependencies in R code
Result: NOTE
Namespace in Imports field not imported from: ‘tidyverse’
All declared Imports should be used.
Flavors: r-devel-linux-x86_64-fedora-clang, r-devel-linux-x86_64-fedora-gcc
Version: 1.0.7
Check: package dependencies
Result: NOTE
Package suggested but not available for checking: ‘Rblpapi’
Flavors: r-release-macos-arm64, r-oldrel-macos-arm64
Version: 1.0.7
Check: Rd cross-references
Result: NOTE
Package unavailable to check Rd xrefs: ‘Rblpapi’
Flavors: r-release-macos-arm64, r-oldrel-macos-arm64
These binaries (installable software) and packages are in development.
They may not be fully stable and should be used with caution. We make no claims about them.
Health stats visible at Monitor.