Last updated on 2025-02-02 07:50:28 CET.
Flavor | Version | Tinstall | Tcheck | Ttotal | Status | Flags |
---|---|---|---|---|---|---|
r-devel-linux-x86_64-debian-clang | 1.8.1 | 5.90 | 111.23 | 117.13 | NOTE | |
r-devel-linux-x86_64-debian-gcc | 1.8.1 | 4.53 | 77.73 | 82.26 | NOTE | |
r-devel-linux-x86_64-fedora-clang | 1.8.1 | 177.70 | NOTE | |||
r-devel-linux-x86_64-fedora-gcc | 1.8.1 | 189.84 | NOTE | |||
r-devel-windows-x86_64 | 1.8.1 | 8.00 | 122.00 | 130.00 | NOTE | |
r-patched-linux-x86_64 | 1.8.1 | 6.42 | 95.72 | 102.14 | OK | |
r-release-linux-x86_64 | 1.8.1 | 3.98 | 93.80 | 97.78 | OK | |
r-release-macos-arm64 | 1.8.1 | 80.00 | OK | |||
r-release-macos-x86_64 | 1.8.1 | 141.00 | OK | |||
r-release-windows-x86_64 | 1.8.1 | 7.00 | 120.00 | 127.00 | OK | |
r-oldrel-macos-arm64 | 1.8.1 | 75.00 | OK | |||
r-oldrel-macos-x86_64 | 1.8.1 | 135.00 | OK | |||
r-oldrel-windows-x86_64 | 1.8.1 | 8.00 | 149.00 | 157.00 | OK |
Version: 1.8.1
Check: DESCRIPTION meta-information
Result: NOTE
Missing dependency on R >= 4.1.0 because package code uses the pipe
|> or function shorthand \(...) syntax added in R 4.1.0.
File(s) using such syntax:
‘import_fst_chunked.R’ ‘pkg_load.R’ ‘round0.R’
Flavors: r-devel-linux-x86_64-debian-clang, r-devel-linux-x86_64-debian-gcc, r-devel-linux-x86_64-fedora-clang, r-devel-linux-x86_64-fedora-gcc, r-devel-windows-x86_64
These binaries (installable software) and packages are in development.
They may not be fully stable and should be used with caution. We make no claims about them.
Health stats visible at Monitor.