Last updated on 2025-10-09 20:04:23 CEST.
Flavor | Version | Tinstall | Tcheck | Ttotal | Status | Flags |
---|---|---|---|---|---|---|
r-devel-linux-x86_64-debian-clang | 1.0.1 | 9.35 | 156.22 | 165.57 | WARN | |
r-devel-linux-x86_64-debian-gcc | 1.0.1 | 5.78 | 101.97 | 107.75 | WARN | |
r-devel-linux-x86_64-fedora-clang | 1.0.1 | 272.02 | WARN | |||
r-devel-linux-x86_64-fedora-gcc | 1.0.1 | 253.57 | WARN | |||
r-devel-windows-x86_64 | 1.0.1 | 11.00 | 166.00 | 177.00 | WARN | |
r-patched-linux-x86_64 | 1.0.1 | 10.26 | 145.29 | 155.55 | WARN | |
r-release-linux-x86_64 | 1.0.1 | 5.83 | 146.65 | 152.48 | WARN | |
r-release-macos-arm64 | 1.0.1 | 68.00 | OK | |||
r-release-macos-x86_64 | 1.0.1 | 151.00 | OK | |||
r-release-windows-x86_64 | 1.0.1 | 11.00 | 164.00 | 175.00 | WARN | |
r-oldrel-macos-arm64 | 1.0.1 | 73.00 | OK | |||
r-oldrel-macos-x86_64 | 1.0.1 | 143.00 | OK | |||
r-oldrel-windows-x86_64 | 1.0.1 | 14.00 | 211.00 | 225.00 | WARN |
Version: 1.0.1
Check: dependencies in R code
Result: WARN
Missing or unexported object: ‘changepointGA::GA’
Flavors: r-devel-linux-x86_64-debian-clang, r-devel-linux-x86_64-debian-gcc, r-devel-linux-x86_64-fedora-clang, r-devel-linux-x86_64-fedora-gcc, r-devel-windows-x86_64, r-patched-linux-x86_64, r-release-linux-x86_64, r-release-windows-x86_64, r-oldrel-windows-x86_64
Version: 1.0.1
Check: Rd cross-references
Result: WARN
Missing link(s) in Rd file 'segment.Rd':
‘[changepointGA:GA]{changepointGA::GA()}’
Missing link(s) in Rd file 'segment_cga.Rd':
‘[changepointGA:GA]{changepointGA::GA()}’
See section 'Cross-references' in the 'Writing R Extensions' manual.
Flavors: r-devel-linux-x86_64-debian-clang, r-devel-linux-x86_64-debian-gcc, r-devel-linux-x86_64-fedora-clang, r-devel-linux-x86_64-fedora-gcc, r-devel-windows-x86_64, r-patched-linux-x86_64, r-release-linux-x86_64, r-release-windows-x86_64
Version: 1.0.1
Check: Rd cross-references
Result: WARN
Missing link or links in Rd file 'segment.Rd':
'[changepointGA:GA]{changepointGA::GA()}'
Missing link or links in Rd file 'segment_cga.Rd':
'[changepointGA:GA]{changepointGA::GA()}'
See section 'Cross-references' in the 'Writing R Extensions' manual.
Flavor: r-oldrel-windows-x86_64
These binaries (installable software) and packages are in development.
They may not be fully stable and should be used with caution. We make no claims about them.
Health stats visible at Monitor.