Last updated on 2024-05-02 08:02:02 CEST.
Flavor | Version | Tinstall | Tcheck | Ttotal | Status | Flags |
---|---|---|---|---|---|---|
r-devel-linux-x86_64-debian-clang | 0.3.1 | 15.46 | 116.16 | 131.62 | NOTE | |
r-devel-linux-x86_64-debian-gcc | 0.3.1 | 12.52 | 81.15 | 93.67 | NOTE | |
r-devel-linux-x86_64-fedora-clang | 0.3.1 | 162.47 | NOTE | |||
r-devel-linux-x86_64-fedora-gcc | 0.3.1 | 168.80 | NOTE | |||
r-devel-windows-x86_64 | 0.3.1 | 25.00 | 104.00 | 129.00 | NOTE | |
r-patched-linux-x86_64 | 0.3.1 | 21.73 | 105.55 | 127.28 | OK | |
r-release-linux-x86_64 | 0.3.1 | 15.07 | 108.03 | 123.10 | OK | |
r-release-macos-arm64 | 0.3.1 | 48.00 | OK | |||
r-release-windows-x86_64 | 0.3.1 | 25.00 | 104.00 | 129.00 | OK | |
r-oldrel-macos-arm64 | 0.3.1 | 56.00 | OK | |||
r-oldrel-macos-x86_64 | 0.3.1 | 97.00 | OK | |||
r-oldrel-windows-x86_64 | 0.3.1 | 27.00 | 125.00 | 152.00 | OK |
Version: 0.3.1
Check: compiled code
Result: NOTE
File ‘tibblify/libs/tibblify.so’:
Found non-API calls to R: ‘R_PromiseExpr’, ‘SETLENGTH’,
‘SET_TRUELENGTH’
Compiled code should not call non-API entry points in R.
See ‘Writing portable packages’ in the ‘Writing R Extensions’ manual.
Flavors: r-devel-linux-x86_64-debian-clang, r-devel-linux-x86_64-debian-gcc, r-devel-linux-x86_64-fedora-clang, r-devel-linux-x86_64-fedora-gcc
Version: 0.3.1
Check: dependencies in R code
Result: NOTE
Namespace in Imports field not imported from: ‘lifecycle’
All declared Imports should be used.
Flavors: r-devel-linux-x86_64-fedora-clang, r-devel-linux-x86_64-fedora-gcc
Version: 0.3.1
Check: compiled code
Result: NOTE
File 'tibblify/libs/x64/tibblify.dll':
Found non-API calls to R: 'R_PromiseExpr', 'SETLENGTH',
'SET_TRUELENGTH'
Compiled code should not call non-API entry points in R.
See 'Writing portable packages' in the 'Writing R Extensions' manual.
Flavor: r-devel-windows-x86_64
These binaries (installable software) and packages are in development.
They may not be fully stable and should be used with caution. We make no claims about them.
Health stats visible at Monitor.