Last updated on 2025-05-17 13:49:54 CEST.
Flavor | Version | Tinstall | Tcheck | Ttotal | Status | Flags |
---|---|---|---|---|---|---|
r-devel-linux-x86_64-debian-clang | 0.1.0 | 1.65 | 17.63 | 19.28 | NOTE | |
r-devel-linux-x86_64-debian-gcc | 0.1.0 | 1.29 | 14.76 | 16.05 | NOTE | |
r-devel-linux-x86_64-fedora-clang | 0.1.0 | 30.80 | OK | |||
r-devel-linux-x86_64-fedora-gcc | 0.1.0 | 28.02 | OK | |||
r-devel-windows-x86_64 | 0.1.0 | 4.00 | 40.00 | 44.00 | OK | |
r-patched-linux-x86_64 | 0.1.0 | 1.61 | 16.79 | 18.40 | OK | |
r-release-linux-x86_64 | 0.1.0 | 1.28 | 16.89 | 18.17 | OK | |
r-release-macos-arm64 | 0.1.0 | 17.00 | OK | |||
r-release-macos-x86_64 | 0.1.0 | 27.00 | OK | |||
r-release-windows-x86_64 | 0.1.0 | 4.00 | 41.00 | 45.00 | OK | |
r-oldrel-macos-arm64 | 0.1.0 | 15.00 | NOTE | |||
r-oldrel-macos-x86_64 | 0.1.0 | 22.00 | NOTE | |||
r-oldrel-windows-x86_64 | 0.1.0 | 3.00 | 43.00 | 46.00 | NOTE |
Version: 0.1.0
Check: CRAN incoming feasibility
Result: NOTE
Maintainer: ‘Oliver Keyes <ironholds@gmail.com>’
No Authors@R field in DESCRIPTION.
Please add one, modifying
Authors@R: person(given = "Oliver",
family = "Keyes",
role = c("aut", "cre"),
email = "ironholds@gmail.com")
as necessary.
Found the following (possibly) invalid file URI:
URI: CONDUCT.md
From: README.md
The Description field contains
A connector to the 'What3Words' (http://what3words.com/) service, which
Please enclose URLs in angle brackets (<...>).
Flavors: r-devel-linux-x86_64-debian-clang, r-devel-linux-x86_64-debian-gcc
Version: 0.1.0
Check: LazyData
Result: NOTE
'LazyData' is specified without a 'data' directory
Flavors: r-oldrel-macos-arm64, r-oldrel-macos-x86_64, r-oldrel-windows-x86_64
These binaries (installable software) and packages are in development.
They may not be fully stable and should be used with caution. We make no claims about them.
Health stats visible at Monitor.