Last updated on 2024-05-02 09:52:12 CEST.
Flavor | Version | Tinstall | Tcheck | Ttotal | Status | Flags |
---|---|---|---|---|---|---|
r-devel-linux-x86_64-debian-clang | 1.0.6 | 27.20 | 240.02 | 267.22 | NOTE | |
r-devel-linux-x86_64-debian-gcc | 1.0.6 | 16.54 | 170.50 | 187.04 | NOTE | |
r-devel-linux-x86_64-fedora-clang | 1.0.6 | 322.76 | NOTE | |||
r-devel-linux-x86_64-fedora-gcc | 1.0.6 | 336.26 | NOTE | |||
r-devel-windows-x86_64 | 1.0.6 | 22.00 | 188.00 | 210.00 | NOTE | |
r-patched-linux-x86_64 | 1.0.6 | 24.52 | 221.70 | 246.22 | OK | |
r-release-linux-x86_64 | 1.0.6 | 14.83 | 224.98 | 239.81 | OK | |
r-release-macos-arm64 | 1.0.6 | 97.00 | OK | |||
r-release-windows-x86_64 | 1.0.6 | 21.00 | 185.00 | 206.00 | OK | |
r-oldrel-macos-arm64 | 1.0.6 | 242.00 | OK | |||
r-oldrel-macos-x86_64 | 1.0.6 | 308.00 | OK | |||
r-oldrel-windows-x86_64 | 1.0.6 | 27.00 | 239.00 | 266.00 | OK |
Version: 1.0.6
Check: compiled code
Result: NOTE
File ‘textrecipes/libs/textrecipes.so’:
Found non-API calls to R: ‘SETLENGTH’, ‘SET_TRUELENGTH’
Compiled code should not call non-API entry points in R.
See ‘Writing portable packages’ in the ‘Writing R Extensions’ manual.
Flavors: r-devel-linux-x86_64-debian-clang, r-devel-linux-x86_64-debian-gcc, r-devel-linux-x86_64-fedora-clang, r-devel-linux-x86_64-fedora-gcc
Version: 1.0.6
Check: data for non-ASCII characters
Result: NOTE
Note: found 4 marked UTF-8 strings
Flavors: r-devel-linux-x86_64-fedora-clang, r-devel-linux-x86_64-fedora-gcc
Version: 1.0.6
Check: compiled code
Result: NOTE
File 'textrecipes/libs/x64/textrecipes.dll':
Found non-API calls to R: 'SETLENGTH', 'SET_TRUELENGTH'
Compiled code should not call non-API entry points in R.
See 'Writing portable packages' in the 'Writing R Extensions' manual.
Flavor: r-devel-windows-x86_64
These binaries (installable software) and packages are in development.
They may not be fully stable and should be used with caution. We make no claims about them.
Health stats visible at Monitor.