Last updated on 2025-02-23 15:50:00 CET.
Flavor | Version | Tinstall | Tcheck | Ttotal | Status | Flags |
---|---|---|---|---|---|---|
r-devel-linux-x86_64-debian-clang | 0.2.2 | 7.00 | 162.41 | 169.41 | OK | |
r-devel-linux-x86_64-debian-gcc | 0.2.2 | 5.04 | 148.53 | 153.57 | OK | |
r-devel-linux-x86_64-fedora-clang | 0.2.2 | 254.94 | OK | |||
r-devel-linux-x86_64-fedora-gcc | 0.2.2 | 263.89 | OK | |||
r-devel-macos-arm64 | 0.2.2 | 83.00 | OK | |||
r-devel-macos-x86_64 | 0.2.2 | 184.00 | OK | |||
r-devel-windows-x86_64 | 0.2.2 | 8.00 | 161.00 | 169.00 | ERROR | |
r-patched-linux-x86_64 | 0.2.2 | 7.12 | 155.47 | 162.59 | OK | |
r-release-linux-x86_64 | 0.2.2 | 6.61 | 155.43 | 162.04 | OK | |
r-release-macos-arm64 | 0.2.2 | 80.00 | OK | |||
r-release-macos-x86_64 | 0.2.2 | 318.00 | OK | |||
r-release-windows-x86_64 | 0.2.2 | 8.00 | 222.00 | 230.00 | OK | |
r-oldrel-macos-arm64 | 0.2.2 | 83.00 | OK | |||
r-oldrel-macos-x86_64 | 0.2.2 | 133.00 | OK | |||
r-oldrel-windows-x86_64 | 0.2.2 | 9.00 | 199.00 | 208.00 | OK |
Version: 0.2.2
Check: re-building of vignette outputs
Result: ERROR
Error(s) in re-building vignettes:
--- re-building 'textplot-examples.Rnw' using knitr
Attaching package: 'igraph'
The following objects are masked from 'package:stats':
decompose, spectrum
The following object is masked from 'package:base':
union
trying URL 'https://raw.githubusercontent.com/jwijffels/udpipe.models.ud.2.5/master/inst/udpipe-ud-2.5-191206/english-ewt-ud-2.5-191206.udpipe'
Content type 'application/octet-stream' length 16309608 bytes (15.6 MB)
==================================================
downloaded 15.6 MB
trying URL 'https://raw.githubusercontent.com/jwijffels/udpipe.models.ud.2.5/master/inst/udpipe-ud-2.5-191206/dutch-alpino-ud-2.5-191206.udpipe'
Content type 'application/octet-stream' length 17047727 bytes (16.3 MB)
============================================
downloaded 14.6 MB
Quitting from lines 103-116 [unnamed-chunk-5] (textplot-examples.Rnw)
Error: processing vignette 'textplot-examples.Rnw' failed with diagnostics:
external pointer is not valid
--- failed re-building 'textplot-examples.Rnw'
SUMMARY: processing the following file failed:
'textplot-examples.Rnw'
Error: Vignette re-building failed.
Execution halted
Flavor: r-devel-windows-x86_64
These binaries (installable software) and packages are in development.
They may not be fully stable and should be used with caution. We make no claims about them.
Health stats visible at Monitor.