Last updated on 2025-05-15 07:49:54 CEST.
Flavor | Version | Tinstall | Tcheck | Ttotal | Status | Flags |
---|---|---|---|---|---|---|
r-devel-linux-x86_64-debian-clang | 2.0-5 | 6.29 | 65.00 | 71.29 | NOTE | |
r-devel-linux-x86_64-debian-gcc | 2.0-5 | 4.63 | 49.96 | 54.59 | NOTE | |
r-devel-linux-x86_64-fedora-clang | 2.0-5 | 109.20 | OK | |||
r-devel-linux-x86_64-fedora-gcc | 2.0-5 | 105.03 | OK | |||
r-devel-windows-x86_64 | 2.0-5 | 8.00 | 80.00 | 88.00 | OK | |
r-patched-linux-x86_64 | 2.0-5 | 6.27 | 61.97 | 68.24 | OK | |
r-release-linux-x86_64 | 2.0-5 | 6.03 | 61.59 | 67.62 | OK | |
r-release-macos-arm64 | 2.0-5 | OK | ||||
r-release-macos-x86_64 | 2.0-5 | 61.00 | OK | |||
r-release-windows-x86_64 | 2.0-5 | 8.00 | 85.00 | 93.00 | OK | |
r-oldrel-macos-arm64 | 2.0-5 | 33.00 | OK | |||
r-oldrel-macos-x86_64 | 2.0-5 | 51.00 | OK | |||
r-oldrel-windows-x86_64 | 2.0-5 | 9.00 | 95.00 | 104.00 | OK |
Version: 2.0-5
Check: CRAN incoming feasibility
Result: NOTE
Maintainer: ‘Matt Taddy <mataddy@gmail.com>’
No Authors@R field in DESCRIPTION.
Please add one, modifying
Authors@R: person(given = "Matt",
family = "Taddy",
role = c("aut", "cre"),
email = "mataddy@gmail.com")
as necessary.
Package CITATION file contains call(s) to old-style personList() or
as.personList(). Please use c() on person objects instead.
Package CITATION file contains call(s) to old-style citEntry(). Please
use bibentry() instead.
The Description field contains
Inverse Regression for Text Analysis <arXiv:1012.2098> and Taddy (2015,
AoAS), Distributed Multinomial Regression, <arXiv:1311.6139>. A
Please refer to arXiv e-prints via their arXiv DOI <doi:10.48550/arXiv.YYMM.NNNNN>.
Found the following URLs which should use \doi (with the DOI name only):
File ‘congress109.Rd’:
http://dx.doi.org/10.3886/ICPSR26242
Flavors: r-devel-linux-x86_64-debian-clang, r-devel-linux-x86_64-debian-gcc
These binaries (installable software) and packages are in development.
They may not be fully stable and should be used with caution. We make no claims about them.
Health stats visible at Monitor.