Last updated on 2025-05-18 00:49:41 CEST.
Flavor | Version | Tinstall | Tcheck | Ttotal | Status | Flags |
---|---|---|---|---|---|---|
r-devel-linux-x86_64-debian-clang | 0.9.3 | 13.65 | 42.53 | 56.18 | NOTE | |
r-devel-linux-x86_64-debian-gcc | 0.9.3 | 12.63 | 34.17 | 46.80 | NOTE | |
r-devel-linux-x86_64-fedora-clang | 0.9.3 | 87.09 | NOTE | |||
r-devel-linux-x86_64-fedora-gcc | 0.9.3 | 80.97 | NOTE | |||
r-devel-windows-x86_64 | 0.9.3 | 17.00 | 70.00 | 87.00 | NOTE | |
r-patched-linux-x86_64 | 0.9.3 | 12.59 | 39.73 | 52.32 | NOTE | |
r-release-linux-x86_64 | 0.9.3 | 12.38 | 39.78 | 52.16 | NOTE | |
r-release-macos-arm64 | 0.9.3 | 34.00 | NOTE | |||
r-release-macos-x86_64 | 0.9.3 | 52.00 | NOTE | |||
r-release-windows-x86_64 | 0.9.3 | 15.00 | 77.00 | 92.00 | NOTE | |
r-oldrel-macos-arm64 | 0.9.3 | 33.00 | NOTE | |||
r-oldrel-macos-x86_64 | 0.9.3 | 44.00 | NOTE | |||
r-oldrel-windows-x86_64 | 0.9.3 | 19.00 | 79.00 | 98.00 | NOTE |
Version: 0.9.3
Check: CRAN incoming feasibility
Result: NOTE
Maintainer: ‘Tyler Rinker <tyler.rinker@gmail.com>’
Package CITATION file contains call(s) to old-style citEntry(). Please
use bibentry() instead.
Found the following (possibly) invalid file URI:
URI: CONDUCT.md
From: README.md
Flavors: r-devel-linux-x86_64-debian-clang, r-devel-linux-x86_64-debian-gcc
Version: 0.9.3
Check: Rd files
Result: NOTE
checkRd: (-1) check_text.Rd:31: Lost braces in \itemize; \value handles \item{}{} directly
checkRd: (-1) check_text.Rd:32: Lost braces in \itemize; \value handles \item{}{} directly
checkRd: (-1) check_text.Rd:33: Lost braces in \itemize; \value handles \item{}{} directly
checkRd: (-1) check_text.Rd:34: Lost braces in \itemize; \value handles \item{}{} directly
checkRd: (-1) check_text.Rd:35: Lost braces in \itemize; \value handles \item{}{} directly
checkRd: (-1) check_text.Rd:36: Lost braces in \itemize; \value handles \item{}{} directly
checkRd: (-1) check_text.Rd:37: Lost braces in \itemize; \value handles \item{}{} directly
checkRd: (-1) check_text.Rd:38: Lost braces in \itemize; \value handles \item{}{} directly
checkRd: (-1) check_text.Rd:39: Lost braces in \itemize; \value handles \item{}{} directly
checkRd: (-1) check_text.Rd:40: Lost braces in \itemize; \value handles \item{}{} directly
checkRd: (-1) check_text.Rd:41: Lost braces in \itemize; \value handles \item{}{} directly
checkRd: (-1) check_text.Rd:42: Lost braces in \itemize; \value handles \item{}{} directly
checkRd: (-1) check_text.Rd:43: Lost braces in \itemize; \value handles \item{}{} directly
checkRd: (-1) check_text.Rd:44: Lost braces in \itemize; \value handles \item{}{} directly
checkRd: (-1) check_text.Rd:45: Lost braces in \itemize; \value handles \item{}{} directly
checkRd: (-1) check_text.Rd:46: Lost braces in \itemize; \value handles \item{}{} directly
checkRd: (-1) check_text.Rd:47: Lost braces in \itemize; \value handles \item{}{} directly
checkRd: (-1) check_text.Rd:48: Lost braces in \itemize; \value handles \item{}{} directly
checkRd: (-1) check_text.Rd:49: Lost braces in \itemize; \value handles \item{}{} directly
checkRd: (-1) check_text.Rd:50: Lost braces in \itemize; \value handles \item{}{} directly
checkRd: (-1) check_text.Rd:51: Lost braces in \itemize; \value handles \item{}{} directly
checkRd: (-1) check_text.Rd:52: Lost braces in \itemize; \value handles \item{}{} directly
checkRd: (-1) check_text.Rd:53: Lost braces in \itemize; \value handles \item{}{} directly
checkRd: (-1) replace_html.Rd:12: Lost braces
12 | \item{symbol}{logical. If code{TRUE} the symbols are retained with appropriate
| ^
Flavors: r-devel-linux-x86_64-debian-clang, r-devel-linux-x86_64-debian-gcc, r-devel-linux-x86_64-fedora-clang, r-devel-linux-x86_64-fedora-gcc, r-devel-windows-x86_64, r-patched-linux-x86_64, r-release-linux-x86_64, r-release-macos-arm64, r-release-macos-x86_64, r-release-windows-x86_64, r-oldrel-macos-arm64, r-oldrel-macos-x86_64, r-oldrel-windows-x86_64
These binaries (installable software) and packages are in development.
They may not be fully stable and should be used with caution. We make no claims about them.
Health stats visible at Monitor.