Last updated on 2024-05-02 11:51:38 CEST.
Flavor | Version | Tinstall | Tcheck | Ttotal | Status | Flags |
---|---|---|---|---|---|---|
r-devel-linux-x86_64-debian-clang | 1.0-8 | 2.51 | 25.83 | 28.34 | OK | |
r-devel-linux-x86_64-debian-gcc | 1.0-8 | 2.33 | 19.89 | 22.22 | OK | |
r-devel-linux-x86_64-fedora-clang | 1.0-8 | 36.92 | NOTE | |||
r-devel-linux-x86_64-fedora-gcc | 1.0-8 | 35.22 | NOTE | |||
r-devel-windows-x86_64 | 1.0-8 | 5.00 | 42.00 | 47.00 | OK | |
r-patched-linux-x86_64 | 1.0-8 | 2.87 | 24.71 | 27.58 | OK | |
r-release-linux-x86_64 | 1.0-8 | 2.47 | 25.27 | 27.74 | OK | |
r-release-macos-arm64 | 1.0-8 | 17.00 | OK | |||
r-release-windows-x86_64 | 1.0-8 | 4.00 | 43.00 | 47.00 | OK | |
r-oldrel-macos-arm64 | 1.0-8 | 16.00 | OK | |||
r-oldrel-macos-x86_64 | 1.0-8 | 22.00 | OK | |||
r-oldrel-windows-x86_64 | 1.0-8 | 4.00 | 43.00 | 47.00 | OK |
Version: 1.0-8
Check: Rd cross-references
Result: NOTE
Undeclared package ‘NLP’ in Rd xrefs
Flavor: r-devel-linux-x86_64-fedora-clang
Version: 1.0-8
Check: data for non-ASCII characters
Result: NOTE
Note: found 10051 marked UTF-8 strings
Note: found 10523 strings marked as "bytes"
Flavors: r-devel-linux-x86_64-fedora-clang, r-devel-linux-x86_64-fedora-gcc
These binaries (installable software) and packages are in development.
They may not be fully stable and should be used with caution. We make no claims about them.
Health stats visible at Monitor.