Last updated on 2025-05-17 13:49:54 CEST.
Flavor | Version | Tinstall | Tcheck | Ttotal | Status | Flags |
---|---|---|---|---|---|---|
r-devel-linux-x86_64-debian-clang | 0.1.1 | 16.55 | 28.12 | 44.67 | NOTE | |
r-devel-linux-x86_64-debian-gcc | 0.1.1 | 13.22 | 22.92 | 36.14 | NOTE | |
r-devel-linux-x86_64-fedora-clang | 0.1.1 | 71.39 | OK | |||
r-devel-linux-x86_64-fedora-gcc | 0.1.1 | 68.12 | OK | |||
r-devel-windows-x86_64 | 0.1.1 | 15.00 | 45.00 | 60.00 | OK | |
r-patched-linux-x86_64 | 0.1.1 | 15.76 | 28.89 | 44.65 | OK | |
r-release-linux-x86_64 | 0.1.1 | 16.12 | 26.97 | 43.09 | OK | |
r-release-macos-arm64 | 0.1.1 | 30.00 | OK | |||
r-release-macos-x86_64 | 0.1.1 | 56.00 | OK | |||
r-release-windows-x86_64 | 0.1.1 | 15.00 | 47.00 | 62.00 | OK | |
r-oldrel-macos-arm64 | 0.1.1 | 29.00 | NOTE | |||
r-oldrel-macos-x86_64 | 0.1.1 | 43.00 | NOTE | |||
r-oldrel-windows-x86_64 | 0.1.1 | 16.00 | 43.00 | 59.00 | NOTE |
Version: 0.1.1
Check: CRAN incoming feasibility
Result: NOTE
Maintainer: ‘Dominik S. Meier <dominikmeier@outlook.com>’
The Description field contains
'text2sdg' package. See Wulff, Meier and Mata (2023) <arXiv:2301.11353>
and Meier, Wulff and Mata (2021) <arXiv:2110.05856> for reference.
Please refer to arXiv e-prints via their arXiv DOI <doi:10.48550/arXiv.YYMM.NNNNN>.
Flavors: r-devel-linux-x86_64-debian-clang, r-devel-linux-x86_64-debian-gcc
Version: 0.1.1
Check: installed package size
Result: NOTE
installed size is 6.2Mb
sub-directories of 1Mb or more:
data 6.2Mb
Flavors: r-oldrel-macos-arm64, r-oldrel-macos-x86_64, r-oldrel-windows-x86_64
These binaries (installable software) and packages are in development.
They may not be fully stable and should be used with caution. We make no claims about them.
Health stats visible at Monitor.