CRAN Package Check Results for Package tetrascatt

Last updated on 2025-05-17 15:50:58 CEST.

Flavor Version Tinstall Tcheck Ttotal Status Flags
r-devel-linux-x86_64-debian-clang 0.1.1 19.79 22.28 42.07 NOTE
r-devel-linux-x86_64-debian-gcc 0.1.1 14.02 17.61 31.63 NOTE
r-devel-linux-x86_64-fedora-clang 0.1.1 80.97 OK
r-devel-linux-x86_64-fedora-gcc 0.1.1 76.59 OK
r-devel-windows-x86_64 0.1.1 24.00 63.00 87.00 OK
r-patched-linux-x86_64 0.1.1 19.55 21.99 41.54 OK
r-release-linux-x86_64 0.1.1 20.84 21.61 42.45 OK
r-release-macos-arm64 0.1.1 27.00 OK
r-release-macos-x86_64 0.1.1 45.00 OK
r-release-windows-x86_64 0.1.1 25.00 63.00 88.00 OK
r-oldrel-macos-arm64 0.1.1 24.00 OK
r-oldrel-macos-x86_64 0.1.1 34.00 OK
r-oldrel-windows-x86_64 0.1.1 29.00 71.00 100.00 OK

Check Details

Version: 0.1.1
Check: CRAN incoming feasibility
Result: NOTE Maintainer: ‘Juan Domingo Gonzalez <juanrst@hotmail.com>’ The Description field contains objects of arbitrary geometries. arXiv preprint <arXiv:2312.16721>). Please refer to arXiv e-prints via their arXiv DOI <doi:10.48550/arXiv.YYMM.NNNNN>. Flavors: r-devel-linux-x86_64-debian-clang, r-devel-linux-x86_64-debian-gcc

These binaries (installable software) and packages are in development.
They may not be fully stable and should be used with caution. We make no claims about them.
Health stats visible at Monitor.