Last updated on 2025-05-17 13:49:53 CEST.
Flavor | Version | Tinstall | Tcheck | Ttotal | Status | Flags |
---|---|---|---|---|---|---|
r-devel-linux-x86_64-debian-clang | 1.8-50 | 494.23 | 387.30 | 881.53 | OK | |
r-devel-linux-x86_64-debian-gcc | 1.8-50 | 409.94 | 246.35 | 656.29 | OK | |
r-devel-linux-x86_64-fedora-clang | 1.8-50 | 1543.06 | OK | |||
r-devel-linux-x86_64-fedora-gcc | 1.8-50 | 1945.22 | OK | |||
r-devel-windows-x86_64 | 1.8-50 | 574.00 | 984.00 | 1558.00 | OK | |
r-patched-linux-x86_64 | 1.8-50 | 584.12 | 363.65 | 947.77 | OK | |
r-release-linux-x86_64 | 1.8-50 | 580.94 | 364.64 | 945.58 | OK | |
r-release-macos-arm64 | 1.8-50 | 326.00 | OK | |||
r-release-macos-x86_64 | 1.8-50 | 479.00 | OK | |||
r-release-windows-x86_64 | 1.8-50 | 583.00 | 908.00 | 1491.00 | OK | |
r-oldrel-macos-arm64 | 1.8-50 | 338.00 | NOTE | |||
r-oldrel-macos-x86_64 | 1.8-50 | 547.00 | NOTE | |||
r-oldrel-windows-x86_64 | 1.8-42 | 580.00 | 1210.00 | 1790.00 | NOTE |
Version: 1.8-50
Check: installed package size
Result: NOTE
installed size is 134.9Mb
sub-directories of 1Mb or more:
R 3.1Mb
libs 130.2Mb
Flavors: r-oldrel-macos-arm64, r-oldrel-macos-x86_64
Version: 1.8-42
Check: installed package size
Result: NOTE
installed size is 113.5Mb
sub-directories of 1Mb or more:
R 2.5Mb
gdal 3.0Mb
libs 97.5Mb
proj 9.0Mb
Flavor: r-oldrel-windows-x86_64
These binaries (installable software) and packages are in development.
They may not be fully stable and should be used with caution. We make no claims about them.
Health stats visible at Monitor.