CRAN Package Check Results for Package terra

Last updated on 2025-07-27 00:49:45 CEST.

Flavor Version Tinstall Tcheck Ttotal Status Flags
r-devel-linux-x86_64-debian-clang 1.8-60 510.37 394.72 905.09 OK
r-devel-linux-x86_64-debian-gcc 1.8-60 415.86 241.72 657.58 OK
r-devel-linux-x86_64-fedora-clang 1.8-60 1231.71 OK
r-devel-linux-x86_64-fedora-gcc 1.8-60 1373.82 OK
r-devel-windows-x86_64 1.8-60 597.00 957.00 1554.00 OK
r-patched-linux-x86_64 1.8-60 559.36 366.80 926.16 OK
r-release-linux-x86_64 1.8-60 558.09 366.64 924.73 OK
r-release-macos-arm64 1.8-54 381.00 OK
r-release-macos-x86_64 1.8-60 575.00 OK
r-release-windows-x86_64 1.8-60 578.00 917.00 1495.00 OK
r-oldrel-macos-arm64 1.8-54 334.00 NOTE
r-oldrel-macos-x86_64 1.8-60 493.00 NOTE
r-oldrel-windows-x86_64 1.8-60 709.00 1247.00 1956.00 NOTE

Check Details

Version: 1.8-54
Check: installed package size
Result: NOTE installed size is 135.9Mb sub-directories of 1Mb or more: R 3.1Mb libs 131.3Mb Flavor: r-oldrel-macos-arm64

Version: 1.8-60
Check: installed package size
Result: NOTE installed size is 138.3Mb sub-directories of 1Mb or more: R 3.0Mb libs 133.7Mb Flavors: r-oldrel-macos-x86_64, r-oldrel-windows-x86_64

These binaries (installable software) and packages are in development.
They may not be fully stable and should be used with caution. We make no claims about them.
Health stats visible at Monitor.